{"id":254,"date":"2022-11-14T16:19:42","date_gmt":"2022-11-14T16:19:42","guid":{"rendered":"https:\/\/pole-de-sante-egreville.fr\/?page_id=254"},"modified":"2022-11-14T16:20:48","modified_gmt":"2022-11-14T16:20:48","slug":"lallocation-journaliere-de-presence-parentale-ajpp","status":"publish","type":"page","link":"https:\/\/pole-de-sante-egreville.fr\/?page_id=254","title":{"rendered":"L\u2019Allocation Journali\u00e8re de Pr\u00e9sence Parentale : AJPP"},"content":{"rendered":"\t\t<div data-elementor-type=\"wp-page\" data-elementor-id=\"254\" class=\"elementor elementor-254\">\n\t\t\t\t\t\t<section class=\"elementor-section elementor-top-section elementor-element elementor-element-35683cf elementor-section-boxed elementor-section-height-default elementor-section-height-default\" data-id=\"35683cf\" data-element_type=\"section\" data-e-type=\"section\">\n\t\t\t\t\t\t<div class=\"elementor-container elementor-column-gap-default\">\n\t\t\t\t\t<div class=\"elementor-column elementor-col-100 elementor-top-column elementor-element elementor-element-1c8d1ea\" data-id=\"1c8d1ea\" data-element_type=\"column\" data-e-type=\"column\">\n\t\t\t<div class=\"elementor-widget-wrap elementor-element-populated\">\n\t\t\t\t\t\t<div class=\"elementor-element elementor-element-87ae11e elementor-widget elementor-widget-image\" data-id=\"87ae11e\" data-element_type=\"widget\" data-e-type=\"widget\" data-widget_type=\"image.default\">\n\t\t\t\t<div class=\"elementor-widget-container\">\n\t\t\t\t\t\t\t\t\t\t\t\t\t\t\t<img fetchpriority=\"high\" decoding=\"async\" width=\"724\" height=\"1024\" src=\"https:\/\/pole-de-sante-egreville.fr\/wp-content\/uploads\/2022\/11\/affiche_ajpp_nov2021-724x1024-2.jpg\" class=\"attachment-large size-large wp-image-75\" alt=\"\" srcset=\"https:\/\/pole-de-sante-egreville.fr\/wp-content\/uploads\/2022\/11\/affiche_ajpp_nov2021-724x1024-2.jpg 724w, https:\/\/pole-de-sante-egreville.fr\/wp-content\/uploads\/2022\/11\/affiche_ajpp_nov2021-724x1024-2-212x300.jpg 212w, https:\/\/pole-de-sante-egreville.fr\/wp-content\/uploads\/2022\/11\/affiche_ajpp_nov2021-724x1024-2-100x141.jpg 100w, https:\/\/pole-de-sante-egreville.fr\/wp-content\/uploads\/2022\/11\/affiche_ajpp_nov2021-724x1024-2-150x212.jpg 150w, https:\/\/pole-de-sante-egreville.fr\/wp-content\/uploads\/2022\/11\/affiche_ajpp_nov2021-724x1024-2-200x283.jpg 200w, https:\/\/pole-de-sante-egreville.fr\/wp-content\/uploads\/2022\/11\/affiche_ajpp_nov2021-724x1024-2-300x424.jpg 300w, https:\/\/pole-de-sante-egreville.fr\/wp-content\/uploads\/2022\/11\/affiche_ajpp_nov2021-724x1024-2-450x636.jpg 450w, https:\/\/pole-de-sante-egreville.fr\/wp-content\/uploads\/2022\/11\/affiche_ajpp_nov2021-724x1024-2-600x849.jpg 600w\" sizes=\"(max-width: 724px) 100vw, 724px\" \/>\t\t\t\t\t\t\t\t\t\t\t\t\t\t\t<\/div>\n\t\t\t\t<\/div>\n\t\t\t\t\t<\/div>\n\t\t<\/div>\n\t\t\t\t\t<\/div>\n\t\t<\/section>\n\t\t\t\t<\/div>\n\t\t","protected":false},"excerpt":{"rendered":"","protected":false},"author":1,"featured_media":0,"parent":0,"menu_order":0,"comment_status":"closed","ping_status":"closed","template":"","meta":{"footnotes":""},"class_list":["post-254","page","type-page","status-publish","hentry"],"yoast_head":"<!-- This site is optimized with the Yoast SEO plugin v27.5 - https:\/\/yoast.com\/product\/yoast-seo-wordpress\/ -->\n<title>L\u2019Allocation Journali\u00e8re de Pr\u00e9sence Parentale : AJPP - P\u00f4le de Sant\u00e9 d&#039;Egreville<\/title>\n<meta name=\"robots\" content=\"index, follow, max-snippet:-1, max-image-preview:large, max-video-preview:-1\" \/>\n<link rel=\"canonical\" href=\"https:\/\/pole-de-sante-egreville.fr\/?page_id=254\" \/>\n<meta property=\"og:locale\" content=\"fr_FR\" \/>\n<meta property=\"og:type\" content=\"article\" \/>\n<meta property=\"og:title\" content=\"L\u2019Allocation Journali\u00e8re de Pr\u00e9sence Parentale : AJPP - P\u00f4le de Sant\u00e9 d&#039;Egreville\" \/>\n<meta property=\"og:url\" content=\"https:\/\/pole-de-sante-egreville.fr\/?page_id=254\" \/>\n<meta property=\"og:site_name\" content=\"P\u00f4le de Sant\u00e9 d&#039;Egreville\" \/>\n<meta property=\"article:modified_time\" content=\"2022-11-14T16:20:48+00:00\" \/>\n<meta property=\"og:image\" content=\"https:\/\/pole-de-sante-egreville.fr\/wp-content\/uploads\/2022\/11\/affiche_ajpp_nov2021-724x1024-2.jpg\" \/>\n<meta name=\"twitter:card\" content=\"summary_large_image\" \/>\n<script type=\"application\/ld+json\" class=\"yoast-schema-graph\">{\"@context\":\"https:\\\/\\\/schema.org\",\"@graph\":[{\"@type\":\"WebPage\",\"@id\":\"https:\\\/\\\/pole-de-sante-egreville.fr\\\/?page_id=254\",\"url\":\"https:\\\/\\\/pole-de-sante-egreville.fr\\\/?page_id=254\",\"name\":\"L\u2019Allocation Journali\u00e8re de Pr\u00e9sence Parentale : AJPP - P\u00f4le de Sant\u00e9 d&#039;Egreville\",\"isPartOf\":{\"@id\":\"https:\\\/\\\/pole-de-sante-egreville.fr\\\/#website\"},\"primaryImageOfPage\":{\"@id\":\"https:\\\/\\\/pole-de-sante-egreville.fr\\\/?page_id=254#primaryimage\"},\"image\":{\"@id\":\"https:\\\/\\\/pole-de-sante-egreville.fr\\\/?page_id=254#primaryimage\"},\"thumbnailUrl\":\"https:\\\/\\\/pole-de-sante-egreville.fr\\\/wp-content\\\/uploads\\\/2022\\\/11\\\/affiche_ajpp_nov2021-724x1024-2.jpg\",\"datePublished\":\"2022-11-14T16:19:42+00:00\",\"dateModified\":\"2022-11-14T16:20:48+00:00\",\"breadcrumb\":{\"@id\":\"https:\\\/\\\/pole-de-sante-egreville.fr\\\/?page_id=254#breadcrumb\"},\"inLanguage\":\"fr-FR\",\"potentialAction\":[{\"@type\":\"ReadAction\",\"target\":[\"https:\\\/\\\/pole-de-sante-egreville.fr\\\/?page_id=254\"]}]},{\"@type\":\"ImageObject\",\"inLanguage\":\"fr-FR\",\"@id\":\"https:\\\/\\\/pole-de-sante-egreville.fr\\\/?page_id=254#primaryimage\",\"url\":\"https:\\\/\\\/pole-de-sante-egreville.fr\\\/wp-content\\\/uploads\\\/2022\\\/11\\\/affiche_ajpp_nov2021-724x1024-2.jpg\",\"contentUrl\":\"https:\\\/\\\/pole-de-sante-egreville.fr\\\/wp-content\\\/uploads\\\/2022\\\/11\\\/affiche_ajpp_nov2021-724x1024-2.jpg\",\"width\":724,\"height\":1024},{\"@type\":\"BreadcrumbList\",\"@id\":\"https:\\\/\\\/pole-de-sante-egreville.fr\\\/?page_id=254#breadcrumb\",\"itemListElement\":[{\"@type\":\"ListItem\",\"position\":1,\"name\":\"Accueil\",\"item\":\"https:\\\/\\\/pole-de-sante-egreville.fr\\\/\"},{\"@type\":\"ListItem\",\"position\":2,\"name\":\"L\u2019Allocation Journali\u00e8re de Pr\u00e9sence Parentale : AJPP\"}]},{\"@type\":\"WebSite\",\"@id\":\"https:\\\/\\\/pole-de-sante-egreville.fr\\\/#website\",\"url\":\"https:\\\/\\\/pole-de-sante-egreville.fr\\\/\",\"name\":\"P\u00f4le de Sant\u00e9 d&#039;Egreville\",\"description\":\"M\u00e9dicaux et Param\u00e9dicaux\",\"publisher\":{\"@id\":\"https:\\\/\\\/pole-de-sante-egreville.fr\\\/#organization\"},\"alternateName\":\"Maison de Sant\u00e9 d'Egreville\",\"potentialAction\":[{\"@type\":\"SearchAction\",\"target\":{\"@type\":\"EntryPoint\",\"urlTemplate\":\"https:\\\/\\\/pole-de-sante-egreville.fr\\\/?s={search_term_string}\"},\"query-input\":{\"@type\":\"PropertyValueSpecification\",\"valueRequired\":true,\"valueName\":\"search_term_string\"}}],\"inLanguage\":\"fr-FR\"},{\"@type\":\"Organization\",\"@id\":\"https:\\\/\\\/pole-de-sante-egreville.fr\\\/#organization\",\"name\":\"P\u00f4le de Sant\u00e9 d&#039;Egreville\",\"url\":\"https:\\\/\\\/pole-de-sante-egreville.fr\\\/\",\"logo\":{\"@type\":\"ImageObject\",\"inLanguage\":\"fr-FR\",\"@id\":\"https:\\\/\\\/pole-de-sante-egreville.fr\\\/#\\\/schema\\\/logo\\\/image\\\/\",\"url\":\"https:\\\/\\\/pole-de-sante-egreville.fr\\\/wp-content\\\/uploads\\\/2022\\\/11\\\/pole-sante-1024x768-1.jpg\",\"contentUrl\":\"https:\\\/\\\/pole-de-sante-egreville.fr\\\/wp-content\\\/uploads\\\/2022\\\/11\\\/pole-sante-1024x768-1.jpg\",\"width\":1024,\"height\":768,\"caption\":\"P\u00f4le de Sant\u00e9 d&#039;Egreville\"},\"image\":{\"@id\":\"https:\\\/\\\/pole-de-sante-egreville.fr\\\/#\\\/schema\\\/logo\\\/image\\\/\"}}]}<\/script>\n<!-- \/ Yoast SEO plugin. -->","yoast_head_json":{"title":"L\u2019Allocation Journali\u00e8re de Pr\u00e9sence Parentale : AJPP - P\u00f4le de Sant\u00e9 d&#039;Egreville","robots":{"index":"index","follow":"follow","max-snippet":"max-snippet:-1","max-image-preview":"max-image-preview:large","max-video-preview":"max-video-preview:-1"},"canonical":"https:\/\/pole-de-sante-egreville.fr\/?page_id=254","og_locale":"fr_FR","og_type":"article","og_title":"L\u2019Allocation Journali\u00e8re de Pr\u00e9sence Parentale : AJPP - P\u00f4le de Sant\u00e9 d&#039;Egreville","og_url":"https:\/\/pole-de-sante-egreville.fr\/?page_id=254","og_site_name":"P\u00f4le de Sant\u00e9 d&#039;Egreville","article_modified_time":"2022-11-14T16:20:48+00:00","og_image":[{"url":"https:\/\/pole-de-sante-egreville.fr\/wp-content\/uploads\/2022\/11\/affiche_ajpp_nov2021-724x1024-2.jpg","type":"","width":"","height":""}],"twitter_card":"summary_large_image","schema":{"@context":"https:\/\/schema.org","@graph":[{"@type":"WebPage","@id":"https:\/\/pole-de-sante-egreville.fr\/?page_id=254","url":"https:\/\/pole-de-sante-egreville.fr\/?page_id=254","name":"L\u2019Allocation Journali\u00e8re de Pr\u00e9sence Parentale : AJPP - P\u00f4le de Sant\u00e9 d&#039;Egreville","isPartOf":{"@id":"https:\/\/pole-de-sante-egreville.fr\/#website"},"primaryImageOfPage":{"@id":"https:\/\/pole-de-sante-egreville.fr\/?page_id=254#primaryimage"},"image":{"@id":"https:\/\/pole-de-sante-egreville.fr\/?page_id=254#primaryimage"},"thumbnailUrl":"https:\/\/pole-de-sante-egreville.fr\/wp-content\/uploads\/2022\/11\/affiche_ajpp_nov2021-724x1024-2.jpg","datePublished":"2022-11-14T16:19:42+00:00","dateModified":"2022-11-14T16:20:48+00:00","breadcrumb":{"@id":"https:\/\/pole-de-sante-egreville.fr\/?page_id=254#breadcrumb"},"inLanguage":"fr-FR","potentialAction":[{"@type":"ReadAction","target":["https:\/\/pole-de-sante-egreville.fr\/?page_id=254"]}]},{"@type":"ImageObject","inLanguage":"fr-FR","@id":"https:\/\/pole-de-sante-egreville.fr\/?page_id=254#primaryimage","url":"https:\/\/pole-de-sante-egreville.fr\/wp-content\/uploads\/2022\/11\/affiche_ajpp_nov2021-724x1024-2.jpg","contentUrl":"https:\/\/pole-de-sante-egreville.fr\/wp-content\/uploads\/2022\/11\/affiche_ajpp_nov2021-724x1024-2.jpg","width":724,"height":1024},{"@type":"BreadcrumbList","@id":"https:\/\/pole-de-sante-egreville.fr\/?page_id=254#breadcrumb","itemListElement":[{"@type":"ListItem","position":1,"name":"Accueil","item":"https:\/\/pole-de-sante-egreville.fr\/"},{"@type":"ListItem","position":2,"name":"L\u2019Allocation Journali\u00e8re de Pr\u00e9sence Parentale : AJPP"}]},{"@type":"WebSite","@id":"https:\/\/pole-de-sante-egreville.fr\/#website","url":"https:\/\/pole-de-sante-egreville.fr\/","name":"P\u00f4le de Sant\u00e9 d&#039;Egreville","description":"M\u00e9dicaux et Param\u00e9dicaux","publisher":{"@id":"https:\/\/pole-de-sante-egreville.fr\/#organization"},"alternateName":"Maison de Sant\u00e9 d'Egreville","potentialAction":[{"@type":"SearchAction","target":{"@type":"EntryPoint","urlTemplate":"https:\/\/pole-de-sante-egreville.fr\/?s={search_term_string}"},"query-input":{"@type":"PropertyValueSpecification","valueRequired":true,"valueName":"search_term_string"}}],"inLanguage":"fr-FR"},{"@type":"Organization","@id":"https:\/\/pole-de-sante-egreville.fr\/#organization","name":"P\u00f4le de Sant\u00e9 d&#039;Egreville","url":"https:\/\/pole-de-sante-egreville.fr\/","logo":{"@type":"ImageObject","inLanguage":"fr-FR","@id":"https:\/\/pole-de-sante-egreville.fr\/#\/schema\/logo\/image\/","url":"https:\/\/pole-de-sante-egreville.fr\/wp-content\/uploads\/2022\/11\/pole-sante-1024x768-1.jpg","contentUrl":"https:\/\/pole-de-sante-egreville.fr\/wp-content\/uploads\/2022\/11\/pole-sante-1024x768-1.jpg","width":1024,"height":768,"caption":"P\u00f4le de Sant\u00e9 d&#039;Egreville"},"image":{"@id":"https:\/\/pole-de-sante-egreville.fr\/#\/schema\/logo\/image\/"}}]}},"_links":{"self":[{"href":"https:\/\/pole-de-sante-egreville.fr\/index.php?rest_route=\/wp\/v2\/pages\/254","targetHints":{"allow":["GET"]}}],"collection":[{"href":"https:\/\/pole-de-sante-egreville.fr\/index.php?rest_route=\/wp\/v2\/pages"}],"about":[{"href":"https:\/\/pole-de-sante-egreville.fr\/index.php?rest_route=\/wp\/v2\/types\/page"}],"author":[{"embeddable":true,"href":"https:\/\/pole-de-sante-egreville.fr\/index.php?rest_route=\/wp\/v2\/users\/1"}],"replies":[{"embeddable":true,"href":"https:\/\/pole-de-sante-egreville.fr\/index.php?rest_route=%2Fwp%2Fv2%2Fcomments&post=254"}],"version-history":[{"count":4,"href":"https:\/\/pole-de-sante-egreville.fr\/index.php?rest_route=\/wp\/v2\/pages\/254\/revisions"}],"predecessor-version":[{"id":258,"href":"https:\/\/pole-de-sante-egreville.fr\/index.php?rest_route=\/wp\/v2\/pages\/254\/revisions\/258"}],"wp:attachment":[{"href":"https:\/\/pole-de-sante-egreville.fr\/index.php?rest_route=%2Fwp%2Fv2%2Fmedia&parent=254"}],"curies":[{"name":"wp","href":"https:\/\/api.w.org\/{rel}","templated":true}]}}

L’Allocation Journalière de Présence Parentale : AJPP

<!-- This site is optimized with the Yoast SEO plugin v27.5 - https://yoast.com/product/yoast-seo-wordpress/ -->
<title>L’Allocation Journalière de Présence Parentale : AJPP - Pôle de Santé d&#039;Egreville</title>
<meta name="robots" content="index, follow, max-snippet:-1, max-image-preview:large, max-video-preview:-1" />
<link rel="canonical" href="https://pole-de-sante-egreville.fr/?page_id=254" />
<meta property="og:locale" content="fr_FR" />
<meta property="og:type" content="article" />
<meta property="og:title" content="L’Allocation Journalière de Présence Parentale : AJPP - Pôle de Santé d&#039;Egreville" />
<meta property="og:url" content="https://pole-de-sante-egreville.fr/?page_id=254" />
<meta property="og:site_name" content="Pôle de Santé d&#039;Egreville" />
<meta property="article:modified_time" content="2022-11-14T16:20:48+00:00" />
<meta property="og:image" content="https://pole-de-sante-egreville.fr/wp-content/uploads/2022/11/affiche_ajpp_nov2021-724x1024-2.jpg" />
<meta name="twitter:card" content="summary_large_image" />
<script type="application/ld+json" class="yoast-schema-graph">{"@context":"https:\/\/schema.org","@graph":[{"@type":"WebPage","@id":"https:\/\/pole-de-sante-egreville.fr\/?page_id=254","url":"https:\/\/pole-de-sante-egreville.fr\/?page_id=254","name":"L’Allocation Journalière de Présence Parentale : AJPP - Pôle de Santé d&#039;Egreville","isPartOf":{"@id":"https:\/\/pole-de-sante-egreville.fr\/#website"},"primaryImageOfPage":{"@id":"https:\/\/pole-de-sante-egreville.fr\/?page_id=254#primaryimage"},"image":{"@id":"https:\/\/pole-de-sante-egreville.fr\/?page_id=254#primaryimage"},"thumbnailUrl":"https:\/\/pole-de-sante-egreville.fr\/wp-content\/uploads\/2022\/11\/affiche_ajpp_nov2021-724x1024-2.jpg","datePublished":"2022-11-14T16:19:42+00:00","dateModified":"2022-11-14T16:20:48+00:00","breadcrumb":{"@id":"https:\/\/pole-de-sante-egreville.fr\/?page_id=254#breadcrumb"},"inLanguage":"fr-FR","potentialAction":[{"@type":"ReadAction","target":["https:\/\/pole-de-sante-egreville.fr\/?page_id=254"]}]},{"@type":"ImageObject","inLanguage":"fr-FR","@id":"https:\/\/pole-de-sante-egreville.fr\/?page_id=254#primaryimage","url":"https:\/\/pole-de-sante-egreville.fr\/wp-content\/uploads\/2022\/11\/affiche_ajpp_nov2021-724x1024-2.jpg","contentUrl":"https:\/\/pole-de-sante-egreville.fr\/wp-content\/uploads\/2022\/11\/affiche_ajpp_nov2021-724x1024-2.jpg","width":724,"height":1024},{"@type":"BreadcrumbList","@id":"https:\/\/pole-de-sante-egreville.fr\/?page_id=254#breadcrumb","itemListElement":[{"@type":"ListItem","position":1,"name":"Accueil","item":"https:\/\/pole-de-sante-egreville.fr\/"},{"@type":"ListItem","position":2,"name":"L’Allocation Journalière de Présence Parentale : AJPP"}]},{"@type":"WebSite","@id":"https:\/\/pole-de-sante-egreville.fr\/#website","url":"https:\/\/pole-de-sante-egreville.fr\/","name":"Pôle de Santé d&#039;Egreville","description":"Médicaux et Paramédicaux","publisher":{"@id":"https:\/\/pole-de-sante-egreville.fr\/#organization"},"alternateName":"Maison de Santé d'Egreville","potentialAction":[{"@type":"SearchAction","target":{"@type":"EntryPoint","urlTemplate":"https:\/\/pole-de-sante-egreville.fr\/?s={search_term_string}"},"query-input":{"@type":"PropertyValueSpecification","valueRequired":true,"valueName":"search_term_string"}}],"inLanguage":"fr-FR"},{"@type":"Organization","@id":"https:\/\/pole-de-sante-egreville.fr\/#organization","name":"Pôle de Santé d&#039;Egreville","url":"https:\/\/pole-de-sante-egreville.fr\/","logo":{"@type":"ImageObject","inLanguage":"fr-FR","@id":"https:\/\/pole-de-sante-egreville.fr\/#\/schema\/logo\/image\/","url":"https:\/\/pole-de-sante-egreville.fr\/wp-content\/uploads\/2022\/11\/pole-sante-1024x768-1.jpg","contentUrl":"https:\/\/pole-de-sante-egreville.fr\/wp-content\/uploads\/2022\/11\/pole-sante-1024x768-1.jpg","width":1024,"height":768,"caption":"Pôle de Santé d&#039;Egreville"},"image":{"@id":"https:\/\/pole-de-sante-egreville.fr\/#\/schema\/logo\/image\/"}}]}</script>
<!-- / Yoast SEO plugin. -->

L’Allocation Journalière de Présence Parentale : AJPP - Pôle de Santé d&#039;Egreville

Pôle de Santé d&#039;Egreville

Médicaux et Paramédicaux

Maison de Santé d'Egreville
