{"id":247,"date":"2022-11-14T16:16:14","date_gmt":"2022-11-14T16:16:14","guid":{"rendered":"https:\/\/pole-de-sante-egreville.fr\/?page_id=247"},"modified":"2022-11-14T16:16:41","modified_gmt":"2022-11-14T16:16:41","slug":"allocation-journaliere-pour-les-proches-aidants-ajpa","status":"publish","type":"page","link":"https:\/\/pole-de-sante-egreville.fr\/?page_id=247","title":{"rendered":"Allocation Journali\u00e8re pour les Proches Aidants : AJPA"},"content":{"rendered":"\t\t<div data-elementor-type=\"wp-page\" data-elementor-id=\"247\" class=\"elementor elementor-247\">\n\t\t\t\t\t\t<section class=\"elementor-section elementor-top-section elementor-element elementor-element-f0d94a8 elementor-section-boxed elementor-section-height-default elementor-section-height-default\" data-id=\"f0d94a8\" data-element_type=\"section\" data-e-type=\"section\">\n\t\t\t\t\t\t<div class=\"elementor-container elementor-column-gap-default\">\n\t\t\t\t\t<div class=\"elementor-column elementor-col-100 elementor-top-column elementor-element elementor-element-ae66ffe\" data-id=\"ae66ffe\" data-element_type=\"column\" data-e-type=\"column\">\n\t\t\t<div class=\"elementor-widget-wrap elementor-element-populated\">\n\t\t\t\t\t\t<div class=\"elementor-element elementor-element-6138c79 elementor-widget elementor-widget-text-editor\" data-id=\"6138c79\" data-element_type=\"widget\" data-e-type=\"widget\" data-widget_type=\"text-editor.default\">\n\t\t\t\t<div class=\"elementor-widget-container\">\n\t\t\t\t\t\t\t\t\t<p>Depuis le\u00a0 30 septembre 2020, la Caf verse une allocation pour les proches aidants qui r\u00e9duisent ou arr\u00eatent temporairement leur activit\u00e9 : l\u2019allocation journali\u00e8re de proche aidant (Ajpa). <br \/>Cette aide permettra de compenser une partie de leur perte de revenu.<\/p><p><span style=\"text-decoration: underline;\">Qui peut b\u00e9n\u00e9ficier de cette aide ?<\/span><\/p><p>Cette aide peut \u00eatre vers\u00e9e aux personnes qui arr\u00eatent de travailler ponctuellement ou r\u00e9duisent leur activit\u00e9 pour accompagner un proche dans son quotidien.\u00a0<\/p><p>Ce proche doit avoir un taux d\u2019incapacit\u00e9 sup\u00e9rieur ou \u00e9gal \u00e0 80% reconnu par la maison d\u00e9partementale des personnes handicap\u00e9es ou un degr\u00e9 de d\u00e9pendance d\u00e9termin\u00e9 par le Conseil d\u00e9partemental (\u00e9valu\u00e9 dans le GIR I \u00e0 III).<\/p><p><span style=\"text-decoration: underline;\">Pour percevoir l\u2019Ajpa, le proche doit :<\/span><\/p><ul><li>\u00a0avoir un lien \u00e9troit avec la personne aid\u00e9e\u00a0 ;<\/li><li>\u00a0 avoir demand\u00e9 un cong\u00e9 proche aidant \u00e0 son employeur<\/li><\/ul><p>(L\u2019Ajpa peut aussi \u00eatre ouverte sous certaines conditions aux non salari\u00e9(e)s, stagiaire en formation professionnelle r\u00e9mun\u00e9r\u00e9e, ch\u00f4meurs indemnis\u00e9s, vrp\u2026) ;\u00a0<\/p><ul><li>\u00a0r\u00e9duire ou cesser son activit\u00e9 pour aider ce proche ;<\/li><li>\u00a0r\u00e9sider en France.<\/li><\/ul><p><span style=\"text-decoration: underline;\">Comment \u00e7a marche ?<\/span><\/p><p>Le montant de l&rsquo;Ajpa est de 47.02\u20ac par journ\u00e9e pour une personne en couple et de 55.86\u20ac pour une personne vivant seule. Un aidant peut<br \/>b\u00e9n\u00e9ficier de 66 jours fractionnables sur toute la dur\u00e9e de sa carri\u00e8re professionnelle.<\/p><p><span style=\"text-decoration: underline;\">Comment en faire la demande ?<\/span><\/p><p>La demande se fait sur\u00a0<a href=\"http:\/\/caf.fr\/\" target=\"_blank\" rel=\"noopener noreferrer\" data-saferedirecturl=\"https:\/\/www.google.com\/url?q=http:\/\/caf.fr&amp;source=gmail&amp;ust=1640331004277000&amp;usg=AOvVaw0T89fFqJQnpXyMnzlkuJYc\">caf.fr<\/a><\/p><p><a href=\"http:\/\/drdelmasguillois-pole-de-sante.com\/wp-content\/uploads\/2021\/12\/flyer_ajpa_allocataires.pdf\" target=\"_blank\" rel=\"noopener\">Flyer t\u00e9l\u00e9chargeable<\/a><\/p>\t\t\t\t\t\t\t\t<\/div>\n\t\t\t\t<\/div>\n\t\t\t\t\t<\/div>\n\t\t<\/div>\n\t\t\t\t\t<\/div>\n\t\t<\/section>\n\t\t\t\t<\/div>\n\t\t","protected":false},"excerpt":{"rendered":"<p>Depuis le\u00a0 30 septembre 2020, la Caf verse une allocation pour les proches aidants qui r\u00e9duisent ou arr\u00eatent temporairement leur activit\u00e9 : l\u2019allocation journali\u00e8re de proche aidant (Ajpa). Cette aide permettra de compenser une partie de leur perte de revenu. &hellip;<\/p>\n<p class=\"read-more\"> <a class=\"more-link\" href=\"https:\/\/pole-de-sante-egreville.fr\/?page_id=247\"> <span class=\"screen-reader-text\">Allocation Journali\u00e8re pour les Proches Aidants : AJPA<\/span> Read More &raquo;<\/a><\/p>\n","protected":false},"author":1,"featured_media":0,"parent":0,"menu_order":0,"comment_status":"closed","ping_status":"closed","template":"","meta":{"footnotes":""},"class_list":["post-247","page","type-page","status-publish","hentry"],"yoast_head":"<!-- This site is optimized with the Yoast SEO plugin v27.5 - https:\/\/yoast.com\/product\/yoast-seo-wordpress\/ -->\n<title>Allocation Journali\u00e8re pour les Proches Aidants : AJPA - P\u00f4le de Sant\u00e9 d&#039;Egreville<\/title>\n<meta name=\"robots\" content=\"index, follow, max-snippet:-1, max-image-preview:large, max-video-preview:-1\" \/>\n<link rel=\"canonical\" href=\"https:\/\/pole-de-sante-egreville.fr\/?page_id=247\" \/>\n<meta property=\"og:locale\" content=\"fr_FR\" \/>\n<meta property=\"og:type\" content=\"article\" \/>\n<meta property=\"og:title\" content=\"Allocation Journali\u00e8re pour les Proches Aidants : AJPA - P\u00f4le de Sant\u00e9 d&#039;Egreville\" \/>\n<meta property=\"og:description\" content=\"Depuis le\u00a0 30 septembre 2020, la Caf verse une allocation pour les proches aidants qui r\u00e9duisent ou arr\u00eatent temporairement leur activit\u00e9 : l\u2019allocation journali\u00e8re de proche aidant (Ajpa). Cette aide permettra de compenser une partie de leur perte de revenu. &hellip; Allocation Journali\u00e8re pour les Proches Aidants : AJPA Read More &raquo;\" \/>\n<meta property=\"og:url\" content=\"https:\/\/pole-de-sante-egreville.fr\/?page_id=247\" \/>\n<meta property=\"og:site_name\" content=\"P\u00f4le de Sant\u00e9 d&#039;Egreville\" \/>\n<meta property=\"article:modified_time\" content=\"2022-11-14T16:16:41+00:00\" \/>\n<meta name=\"twitter:card\" content=\"summary_large_image\" \/>\n<meta name=\"twitter:label1\" content=\"Dur\u00e9e de lecture estim\u00e9e\" \/>\n\t<meta name=\"twitter:data1\" content=\"1 minute\" \/>\n<script type=\"application\/ld+json\" class=\"yoast-schema-graph\">{\"@context\":\"https:\\\/\\\/schema.org\",\"@graph\":[{\"@type\":\"WebPage\",\"@id\":\"https:\\\/\\\/pole-de-sante-egreville.fr\\\/?page_id=247\",\"url\":\"https:\\\/\\\/pole-de-sante-egreville.fr\\\/?page_id=247\",\"name\":\"Allocation Journali\u00e8re pour les Proches Aidants : AJPA - P\u00f4le de Sant\u00e9 d&#039;Egreville\",\"isPartOf\":{\"@id\":\"https:\\\/\\\/pole-de-sante-egreville.fr\\\/#website\"},\"datePublished\":\"2022-11-14T16:16:14+00:00\",\"dateModified\":\"2022-11-14T16:16:41+00:00\",\"breadcrumb\":{\"@id\":\"https:\\\/\\\/pole-de-sante-egreville.fr\\\/?page_id=247#breadcrumb\"},\"inLanguage\":\"fr-FR\",\"potentialAction\":[{\"@type\":\"ReadAction\",\"target\":[\"https:\\\/\\\/pole-de-sante-egreville.fr\\\/?page_id=247\"]}]},{\"@type\":\"BreadcrumbList\",\"@id\":\"https:\\\/\\\/pole-de-sante-egreville.fr\\\/?page_id=247#breadcrumb\",\"itemListElement\":[{\"@type\":\"ListItem\",\"position\":1,\"name\":\"Accueil\",\"item\":\"https:\\\/\\\/pole-de-sante-egreville.fr\\\/\"},{\"@type\":\"ListItem\",\"position\":2,\"name\":\"Allocation Journali\u00e8re pour les Proches Aidants : AJPA\"}]},{\"@type\":\"WebSite\",\"@id\":\"https:\\\/\\\/pole-de-sante-egreville.fr\\\/#website\",\"url\":\"https:\\\/\\\/pole-de-sante-egreville.fr\\\/\",\"name\":\"P\u00f4le de Sant\u00e9 d&#039;Egreville\",\"description\":\"M\u00e9dicaux et Param\u00e9dicaux\",\"publisher\":{\"@id\":\"https:\\\/\\\/pole-de-sante-egreville.fr\\\/#organization\"},\"alternateName\":\"Maison de Sant\u00e9 d'Egreville\",\"potentialAction\":[{\"@type\":\"SearchAction\",\"target\":{\"@type\":\"EntryPoint\",\"urlTemplate\":\"https:\\\/\\\/pole-de-sante-egreville.fr\\\/?s={search_term_string}\"},\"query-input\":{\"@type\":\"PropertyValueSpecification\",\"valueRequired\":true,\"valueName\":\"search_term_string\"}}],\"inLanguage\":\"fr-FR\"},{\"@type\":\"Organization\",\"@id\":\"https:\\\/\\\/pole-de-sante-egreville.fr\\\/#organization\",\"name\":\"P\u00f4le de Sant\u00e9 d&#039;Egreville\",\"url\":\"https:\\\/\\\/pole-de-sante-egreville.fr\\\/\",\"logo\":{\"@type\":\"ImageObject\",\"inLanguage\":\"fr-FR\",\"@id\":\"https:\\\/\\\/pole-de-sante-egreville.fr\\\/#\\\/schema\\\/logo\\\/image\\\/\",\"url\":\"https:\\\/\\\/pole-de-sante-egreville.fr\\\/wp-content\\\/uploads\\\/2022\\\/11\\\/pole-sante-1024x768-1.jpg\",\"contentUrl\":\"https:\\\/\\\/pole-de-sante-egreville.fr\\\/wp-content\\\/uploads\\\/2022\\\/11\\\/pole-sante-1024x768-1.jpg\",\"width\":1024,\"height\":768,\"caption\":\"P\u00f4le de Sant\u00e9 d&#039;Egreville\"},\"image\":{\"@id\":\"https:\\\/\\\/pole-de-sante-egreville.fr\\\/#\\\/schema\\\/logo\\\/image\\\/\"}}]}<\/script>\n<!-- \/ Yoast SEO plugin. -->","yoast_head_json":{"title":"Allocation Journali\u00e8re pour les Proches Aidants : AJPA - P\u00f4le de Sant\u00e9 d&#039;Egreville","robots":{"index":"index","follow":"follow","max-snippet":"max-snippet:-1","max-image-preview":"max-image-preview:large","max-video-preview":"max-video-preview:-1"},"canonical":"https:\/\/pole-de-sante-egreville.fr\/?page_id=247","og_locale":"fr_FR","og_type":"article","og_title":"Allocation Journali\u00e8re pour les Proches Aidants : AJPA - P\u00f4le de Sant\u00e9 d&#039;Egreville","og_description":"Depuis le\u00a0 30 septembre 2020, la Caf verse une allocation pour les proches aidants qui r\u00e9duisent ou arr\u00eatent temporairement leur activit\u00e9 : l\u2019allocation journali\u00e8re de proche aidant (Ajpa). Cette aide permettra de compenser une partie de leur perte de revenu. &hellip; Allocation Journali\u00e8re pour les Proches Aidants : AJPA Read More &raquo;","og_url":"https:\/\/pole-de-sante-egreville.fr\/?page_id=247","og_site_name":"P\u00f4le de Sant\u00e9 d&#039;Egreville","article_modified_time":"2022-11-14T16:16:41+00:00","twitter_card":"summary_large_image","twitter_misc":{"Dur\u00e9e de lecture estim\u00e9e":"1 minute"},"schema":{"@context":"https:\/\/schema.org","@graph":[{"@type":"WebPage","@id":"https:\/\/pole-de-sante-egreville.fr\/?page_id=247","url":"https:\/\/pole-de-sante-egreville.fr\/?page_id=247","name":"Allocation Journali\u00e8re pour les Proches Aidants : AJPA - P\u00f4le de Sant\u00e9 d&#039;Egreville","isPartOf":{"@id":"https:\/\/pole-de-sante-egreville.fr\/#website"},"datePublished":"2022-11-14T16:16:14+00:00","dateModified":"2022-11-14T16:16:41+00:00","breadcrumb":{"@id":"https:\/\/pole-de-sante-egreville.fr\/?page_id=247#breadcrumb"},"inLanguage":"fr-FR","potentialAction":[{"@type":"ReadAction","target":["https:\/\/pole-de-sante-egreville.fr\/?page_id=247"]}]},{"@type":"BreadcrumbList","@id":"https:\/\/pole-de-sante-egreville.fr\/?page_id=247#breadcrumb","itemListElement":[{"@type":"ListItem","position":1,"name":"Accueil","item":"https:\/\/pole-de-sante-egreville.fr\/"},{"@type":"ListItem","position":2,"name":"Allocation Journali\u00e8re pour les Proches Aidants : AJPA"}]},{"@type":"WebSite","@id":"https:\/\/pole-de-sante-egreville.fr\/#website","url":"https:\/\/pole-de-sante-egreville.fr\/","name":"P\u00f4le de Sant\u00e9 d&#039;Egreville","description":"M\u00e9dicaux et Param\u00e9dicaux","publisher":{"@id":"https:\/\/pole-de-sante-egreville.fr\/#organization"},"alternateName":"Maison de Sant\u00e9 d'Egreville","potentialAction":[{"@type":"SearchAction","target":{"@type":"EntryPoint","urlTemplate":"https:\/\/pole-de-sante-egreville.fr\/?s={search_term_string}"},"query-input":{"@type":"PropertyValueSpecification","valueRequired":true,"valueName":"search_term_string"}}],"inLanguage":"fr-FR"},{"@type":"Organization","@id":"https:\/\/pole-de-sante-egreville.fr\/#organization","name":"P\u00f4le de Sant\u00e9 d&#039;Egreville","url":"https:\/\/pole-de-sante-egreville.fr\/","logo":{"@type":"ImageObject","inLanguage":"fr-FR","@id":"https:\/\/pole-de-sante-egreville.fr\/#\/schema\/logo\/image\/","url":"https:\/\/pole-de-sante-egreville.fr\/wp-content\/uploads\/2022\/11\/pole-sante-1024x768-1.jpg","contentUrl":"https:\/\/pole-de-sante-egreville.fr\/wp-content\/uploads\/2022\/11\/pole-sante-1024x768-1.jpg","width":1024,"height":768,"caption":"P\u00f4le de Sant\u00e9 d&#039;Egreville"},"image":{"@id":"https:\/\/pole-de-sante-egreville.fr\/#\/schema\/logo\/image\/"}}]}},"_links":{"self":[{"href":"https:\/\/pole-de-sante-egreville.fr\/index.php?rest_route=\/wp\/v2\/pages\/247","targetHints":{"allow":["GET"]}}],"collection":[{"href":"https:\/\/pole-de-sante-egreville.fr\/index.php?rest_route=\/wp\/v2\/pages"}],"about":[{"href":"https:\/\/pole-de-sante-egreville.fr\/index.php?rest_route=\/wp\/v2\/types\/page"}],"author":[{"embeddable":true,"href":"https:\/\/pole-de-sante-egreville.fr\/index.php?rest_route=\/wp\/v2\/users\/1"}],"replies":[{"embeddable":true,"href":"https:\/\/pole-de-sante-egreville.fr\/index.php?rest_route=%2Fwp%2Fv2%2Fcomments&post=247"}],"version-history":[{"count":4,"href":"https:\/\/pole-de-sante-egreville.fr\/index.php?rest_route=\/wp\/v2\/pages\/247\/revisions"}],"predecessor-version":[{"id":251,"href":"https:\/\/pole-de-sante-egreville.fr\/index.php?rest_route=\/wp\/v2\/pages\/247\/revisions\/251"}],"wp:attachment":[{"href":"https:\/\/pole-de-sante-egreville.fr\/index.php?rest_route=%2Fwp%2Fv2%2Fmedia&parent=247"}],"curies":[{"name":"wp","href":"https:\/\/api.w.org\/{rel}","templated":true}]}}

Allocation Journalière pour les Proches Aidants : AJPA

<div data-elementor-type="wp-page" data-elementor-id="247" class="elementor elementor-247">
						<section class="elementor-section elementor-top-section elementor-element elementor-element-f0d94a8 elementor-section-boxed elementor-section-height-default elementor-section-height-default" data-id="f0d94a8" data-element_type="section" data-e-type="section">
						<div class="elementor-container elementor-column-gap-default">
					<div class="elementor-column elementor-col-100 elementor-top-column elementor-element elementor-element-ae66ffe" data-id="ae66ffe" data-element_type="column" data-e-type="column">
			<div class="elementor-widget-wrap elementor-element-populated">
						<div class="elementor-element elementor-element-6138c79 elementor-widget elementor-widget-text-editor" data-id="6138c79" data-element_type="widget" data-e-type="widget" data-widget_type="text-editor.default">
				<div class="elementor-widget-container">
									<p>Depuis le  30 septembre 2020, la Caf verse une allocation pour les proches aidants qui réduisent ou arrêtent temporairement leur activité : l’allocation journalière de proche aidant (Ajpa). <br />Cette aide permettra de compenser une partie de leur perte de revenu.</p><p><span style="text-decoration: underline;">Qui peut bénéficier de cette aide ?</span></p><p>Cette aide peut être versée aux personnes qui arrêtent de travailler ponctuellement ou réduisent leur activité pour accompagner un proche dans son quotidien. </p><p>Ce proche doit avoir un taux d’incapacité supérieur ou égal à 80% reconnu par la maison départementale des personnes handicapées ou un degré de dépendance déterminé par le Conseil départemental (évalué dans le GIR I à III).</p><p><span style="text-decoration: underline;">Pour percevoir l’Ajpa, le proche doit :</span></p><ul><li> avoir un lien étroit avec la personne aidée  ;</li><li>  avoir demandé un congé proche aidant à son employeur</li></ul><p>(L’Ajpa peut aussi être ouverte sous certaines conditions aux non salarié(e)s, stagiaire en formation professionnelle rémunérée, chômeurs indemnisés, vrp…) ; </p><ul><li> réduire ou cesser son activité pour aider ce proche ;</li><li> résider en France.</li></ul><p><span style="text-decoration: underline;">Comment ça marche ?</span></p><p>Le montant de l&rsquo;Ajpa est de 47.02€ par journée pour une personne en couple et de 55.86€ pour une personne vivant seule. Un aidant peut<br />bénéficier de 66 jours fractionnables sur toute la durée de sa carrière professionnelle.</p><p><span style="text-decoration: underline;">Comment en faire la demande ?</span></p><p>La demande se fait sur <a href="http://caf.fr/" target="_blank" rel="noopener noreferrer" data-saferedirecturl="https://www.google.com/url?q=http://caf.fr&amp;source=gmail&amp;ust=1640331004277000&amp;usg=AOvVaw0T89fFqJQnpXyMnzlkuJYc">caf.fr</a></p><p><a href="http://drdelmasguillois-pole-de-sante.com/wp-content/uploads/2021/12/flyer_ajpa_allocataires.pdf" target="_blank" rel="noopener">Flyer téléchargeable</a></p>								</div>
				</div>
					</div>
		</div>
					</div>
		</section>
				</div>

<p>Depuis le  30 septembre 2020, la Caf verse une allocation pour les proches aidants qui réduisent ou arrêtent temporairement leur activité : l’allocation journalière de proche aidant (Ajpa). Cette aide permettra de compenser une partie de leur perte de revenu. &hellip;</p>
<p class="read-more"> <a class="more-link" href="https://pole-de-sante-egreville.fr/?page_id=247"> <span class="screen-reader-text">Allocation Journalière pour les Proches Aidants : AJPA</span> Read More &raquo;</a></p>

<!-- This site is optimized with the Yoast SEO plugin v27.5 - https://yoast.com/product/yoast-seo-wordpress/ -->
<title>Allocation Journalière pour les Proches Aidants : AJPA - Pôle de Santé d&#039;Egreville</title>
<meta name="robots" content="index, follow, max-snippet:-1, max-image-preview:large, max-video-preview:-1" />
<link rel="canonical" href="https://pole-de-sante-egreville.fr/?page_id=247" />
<meta property="og:locale" content="fr_FR" />
<meta property="og:type" content="article" />
<meta property="og:title" content="Allocation Journalière pour les Proches Aidants : AJPA - Pôle de Santé d&#039;Egreville" />
<meta property="og:description" content="Depuis le  30 septembre 2020, la Caf verse une allocation pour les proches aidants qui réduisent ou arrêtent temporairement leur activité : l’allocation journalière de proche aidant (Ajpa). Cette aide permettra de compenser une partie de leur perte de revenu. &hellip; Allocation Journalière pour les Proches Aidants : AJPA Read More &raquo;" />
<meta property="og:url" content="https://pole-de-sante-egreville.fr/?page_id=247" />
<meta property="og:site_name" content="Pôle de Santé d&#039;Egreville" />
<meta property="article:modified_time" content="2022-11-14T16:16:41+00:00" />
<meta name="twitter:card" content="summary_large_image" />
<meta name="twitter:label1" content="Durée de lecture estimée" />
	<meta name="twitter:data1" content="1 minute" />
<script type="application/ld+json" class="yoast-schema-graph">{"@context":"https:\/\/schema.org","@graph":[{"@type":"WebPage","@id":"https:\/\/pole-de-sante-egreville.fr\/?page_id=247","url":"https:\/\/pole-de-sante-egreville.fr\/?page_id=247","name":"Allocation Journalière pour les Proches Aidants : AJPA - Pôle de Santé d&#039;Egreville","isPartOf":{"@id":"https:\/\/pole-de-sante-egreville.fr\/#website"},"datePublished":"2022-11-14T16:16:14+00:00","dateModified":"2022-11-14T16:16:41+00:00","breadcrumb":{"@id":"https:\/\/pole-de-sante-egreville.fr\/?page_id=247#breadcrumb"},"inLanguage":"fr-FR","potentialAction":[{"@type":"ReadAction","target":["https:\/\/pole-de-sante-egreville.fr\/?page_id=247"]}]},{"@type":"BreadcrumbList","@id":"https:\/\/pole-de-sante-egreville.fr\/?page_id=247#breadcrumb","itemListElement":[{"@type":"ListItem","position":1,"name":"Accueil","item":"https:\/\/pole-de-sante-egreville.fr\/"},{"@type":"ListItem","position":2,"name":"Allocation Journalière pour les Proches Aidants : AJPA"}]},{"@type":"WebSite","@id":"https:\/\/pole-de-sante-egreville.fr\/#website","url":"https:\/\/pole-de-sante-egreville.fr\/","name":"Pôle de Santé d&#039;Egreville","description":"Médicaux et Paramédicaux","publisher":{"@id":"https:\/\/pole-de-sante-egreville.fr\/#organization"},"alternateName":"Maison de Santé d'Egreville","potentialAction":[{"@type":"SearchAction","target":{"@type":"EntryPoint","urlTemplate":"https:\/\/pole-de-sante-egreville.fr\/?s={search_term_string}"},"query-input":{"@type":"PropertyValueSpecification","valueRequired":true,"valueName":"search_term_string"}}],"inLanguage":"fr-FR"},{"@type":"Organization","@id":"https:\/\/pole-de-sante-egreville.fr\/#organization","name":"Pôle de Santé d&#039;Egreville","url":"https:\/\/pole-de-sante-egreville.fr\/","logo":{"@type":"ImageObject","inLanguage":"fr-FR","@id":"https:\/\/pole-de-sante-egreville.fr\/#\/schema\/logo\/image\/","url":"https:\/\/pole-de-sante-egreville.fr\/wp-content\/uploads\/2022\/11\/pole-sante-1024x768-1.jpg","contentUrl":"https:\/\/pole-de-sante-egreville.fr\/wp-content\/uploads\/2022\/11\/pole-sante-1024x768-1.jpg","width":1024,"height":768,"caption":"Pôle de Santé d&#039;Egreville"},"image":{"@id":"https:\/\/pole-de-sante-egreville.fr\/#\/schema\/logo\/image\/"}}]}</script>
<!-- / Yoast SEO plugin. -->

Allocation Journalière pour les Proches Aidants : AJPA - Pôle de Santé d&#039;Egreville

Depuis le  30 septembre 2020, la Caf verse une allocation pour les proches aidants qui réduisent ou arrêtent temporairement leur activité : l’allocation journalière de proche aidant (Ajpa). Cette aide permettra de compenser une partie de leur perte de revenu. &hellip; Allocation Journalière pour les Proches Aidants : AJPA Read More &raquo;

Pôle de Santé d&#039;Egreville

Médicaux et Paramédicaux

Maison de Santé d'Egreville
