{"id":202,"date":"2022-11-14T15:32:50","date_gmt":"2022-11-14T15:32:50","guid":{"rendered":"https:\/\/pole-de-sante-egreville.fr\/?page_id=202"},"modified":"2022-11-14T15:42:02","modified_gmt":"2022-11-14T15:42:02","slug":"dossier-apa","status":"publish","type":"page","link":"https:\/\/pole-de-sante-egreville.fr\/?page_id=202","title":{"rendered":"Dossier APA"},"content":{"rendered":"\t\t<div data-elementor-type=\"wp-page\" data-elementor-id=\"202\" class=\"elementor elementor-202\">\n\t\t\t\t\t\t<section class=\"elementor-section elementor-top-section elementor-element elementor-element-bfbb91a elementor-section-boxed elementor-section-height-default elementor-section-height-default\" data-id=\"bfbb91a\" data-element_type=\"section\" data-e-type=\"section\">\n\t\t\t\t\t\t<div class=\"elementor-container elementor-column-gap-default\">\n\t\t\t\t\t<div class=\"elementor-column elementor-col-100 elementor-top-column elementor-element elementor-element-dc67d49\" data-id=\"dc67d49\" data-element_type=\"column\" data-e-type=\"column\">\n\t\t\t<div class=\"elementor-widget-wrap elementor-element-populated\">\n\t\t\t\t\t\t<div class=\"elementor-element elementor-element-c4ab481 elementor-widget elementor-widget-image\" data-id=\"c4ab481\" data-element_type=\"widget\" data-e-type=\"widget\" data-widget_type=\"image.default\">\n\t\t\t\t<div class=\"elementor-widget-container\">\n\t\t\t\t\t\t\t\t\t\t\t\t\t\t\t<img fetchpriority=\"high\" decoding=\"async\" width=\"752\" height=\"507\" src=\"https:\/\/pole-de-sante-egreville.fr\/wp-content\/uploads\/2022\/11\/APA1-1024x690-2.jpg\" class=\"attachment-large size-large wp-image-76\" alt=\"\" srcset=\"https:\/\/pole-de-sante-egreville.fr\/wp-content\/uploads\/2022\/11\/APA1-1024x690-2.jpg 1024w, https:\/\/pole-de-sante-egreville.fr\/wp-content\/uploads\/2022\/11\/APA1-1024x690-2-300x202.jpg 300w, https:\/\/pole-de-sante-egreville.fr\/wp-content\/uploads\/2022\/11\/APA1-1024x690-2-768x518.jpg 768w, https:\/\/pole-de-sante-egreville.fr\/wp-content\/uploads\/2022\/11\/APA1-1024x690-2-100x67.jpg 100w, https:\/\/pole-de-sante-egreville.fr\/wp-content\/uploads\/2022\/11\/APA1-1024x690-2-150x101.jpg 150w, https:\/\/pole-de-sante-egreville.fr\/wp-content\/uploads\/2022\/11\/APA1-1024x690-2-200x135.jpg 200w, https:\/\/pole-de-sante-egreville.fr\/wp-content\/uploads\/2022\/11\/APA1-1024x690-2-450x303.jpg 450w, https:\/\/pole-de-sante-egreville.fr\/wp-content\/uploads\/2022\/11\/APA1-1024x690-2-600x404.jpg 600w, https:\/\/pole-de-sante-egreville.fr\/wp-content\/uploads\/2022\/11\/APA1-1024x690-2-900x606.jpg 900w\" sizes=\"(max-width: 752px) 100vw, 752px\" \/>\t\t\t\t\t\t\t\t\t\t\t\t\t\t\t<\/div>\n\t\t\t\t<\/div>\n\t\t\t\t\t<\/div>\n\t\t<\/div>\n\t\t\t\t\t<\/div>\n\t\t<\/section>\n\t\t\t\t<section class=\"elementor-section elementor-top-section elementor-element elementor-element-8294b22 elementor-section-boxed elementor-section-height-default elementor-section-height-default\" data-id=\"8294b22\" data-element_type=\"section\" data-e-type=\"section\">\n\t\t\t\t\t\t<div class=\"elementor-container elementor-column-gap-default\">\n\t\t\t\t\t<div class=\"elementor-column elementor-col-100 elementor-top-column elementor-element elementor-element-1cbb83a\" data-id=\"1cbb83a\" data-element_type=\"column\" data-e-type=\"column\">\n\t\t\t<div class=\"elementor-widget-wrap elementor-element-populated\">\n\t\t\t\t\t\t<div class=\"elementor-element elementor-element-18d9a3e elementor-widget elementor-widget-image\" data-id=\"18d9a3e\" data-element_type=\"widget\" data-e-type=\"widget\" data-widget_type=\"image.default\">\n\t\t\t\t<div class=\"elementor-widget-container\">\n\t\t\t\t\t\t\t\t\t\t\t\t\t\t\t<img decoding=\"async\" width=\"752\" height=\"470\" src=\"https:\/\/pole-de-sante-egreville.fr\/wp-content\/uploads\/2022\/11\/APA3-1024x640-1.jpg\" class=\"attachment-large size-large wp-image-30\" alt=\"\" srcset=\"https:\/\/pole-de-sante-egreville.fr\/wp-content\/uploads\/2022\/11\/APA3-1024x640-1.jpg 1024w, https:\/\/pole-de-sante-egreville.fr\/wp-content\/uploads\/2022\/11\/APA3-1024x640-1-300x188.jpg 300w, https:\/\/pole-de-sante-egreville.fr\/wp-content\/uploads\/2022\/11\/APA3-1024x640-1-768x480.jpg 768w, https:\/\/pole-de-sante-egreville.fr\/wp-content\/uploads\/2022\/11\/APA3-1024x640-1-100x63.jpg 100w, https:\/\/pole-de-sante-egreville.fr\/wp-content\/uploads\/2022\/11\/APA3-1024x640-1-150x94.jpg 150w, https:\/\/pole-de-sante-egreville.fr\/wp-content\/uploads\/2022\/11\/APA3-1024x640-1-200x125.jpg 200w, https:\/\/pole-de-sante-egreville.fr\/wp-content\/uploads\/2022\/11\/APA3-1024x640-1-450x281.jpg 450w, https:\/\/pole-de-sante-egreville.fr\/wp-content\/uploads\/2022\/11\/APA3-1024x640-1-600x375.jpg 600w, https:\/\/pole-de-sante-egreville.fr\/wp-content\/uploads\/2022\/11\/APA3-1024x640-1-900x563.jpg 900w\" sizes=\"(max-width: 752px) 100vw, 752px\" \/>\t\t\t\t\t\t\t\t\t\t\t\t\t\t\t<\/div>\n\t\t\t\t<\/div>\n\t\t\t\t\t<\/div>\n\t\t<\/div>\n\t\t\t\t\t<\/div>\n\t\t<\/section>\n\t\t\t\t<section class=\"elementor-section elementor-top-section elementor-element elementor-element-5318dbe elementor-section-boxed elementor-section-height-default elementor-section-height-default\" data-id=\"5318dbe\" data-element_type=\"section\" data-e-type=\"section\">\n\t\t\t\t\t\t<div class=\"elementor-container elementor-column-gap-default\">\n\t\t\t\t\t<div class=\"elementor-column elementor-col-100 elementor-top-column elementor-element elementor-element-03007f1\" data-id=\"03007f1\" data-element_type=\"column\" data-e-type=\"column\">\n\t\t\t<div class=\"elementor-widget-wrap elementor-element-populated\">\n\t\t\t\t\t\t<div class=\"elementor-element elementor-element-b69dc45 elementor-widget elementor-widget-text-editor\" data-id=\"b69dc45\" data-element_type=\"widget\" data-e-type=\"widget\" data-widget_type=\"text-editor.default\">\n\t\t\t\t<div class=\"elementor-widget-container\">\n\t\t\t\t\t\t\t\t\t<h3><a href=\"https:\/\/e-service.seine-et-marne.fr\/\" target=\"_blank\" rel=\"noopener\">Portail d\u2019aides sociales du d\u00e9partement &gt;&gt;&gt; cliquez ici<\/a><\/h3>\t\t\t\t\t\t\t\t<\/div>\n\t\t\t\t<\/div>\n\t\t\t\t\t<\/div>\n\t\t<\/div>\n\t\t\t\t\t<\/div>\n\t\t<\/section>\n\t\t\t\t<section class=\"elementor-section elementor-top-section elementor-element elementor-element-b4dfcfb elementor-section-boxed elementor-section-height-default elementor-section-height-default\" data-id=\"b4dfcfb\" data-element_type=\"section\" data-e-type=\"section\">\n\t\t\t\t\t\t<div class=\"elementor-container elementor-column-gap-default\">\n\t\t\t\t\t<div class=\"elementor-column elementor-col-100 elementor-top-column elementor-element elementor-element-5d4956b\" data-id=\"5d4956b\" data-element_type=\"column\" data-e-type=\"column\">\n\t\t\t<div class=\"elementor-widget-wrap elementor-element-populated\">\n\t\t\t\t\t\t<div class=\"elementor-element elementor-element-641c4d4 elementor-widget elementor-widget-image\" data-id=\"641c4d4\" data-element_type=\"widget\" data-e-type=\"widget\" data-widget_type=\"image.default\">\n\t\t\t\t<div class=\"elementor-widget-container\">\n\t\t\t\t\t\t\t\t\t\t\t\t\t\t\t<img decoding=\"async\" width=\"703\" height=\"1024\" src=\"https:\/\/pole-de-sante-egreville.fr\/wp-content\/uploads\/2022\/11\/APA2-703x1024-2.jpg\" class=\"attachment-large size-large wp-image-77\" alt=\"\" srcset=\"https:\/\/pole-de-sante-egreville.fr\/wp-content\/uploads\/2022\/11\/APA2-703x1024-2.jpg 703w, https:\/\/pole-de-sante-egreville.fr\/wp-content\/uploads\/2022\/11\/APA2-703x1024-2-206x300.jpg 206w, https:\/\/pole-de-sante-egreville.fr\/wp-content\/uploads\/2022\/11\/APA2-703x1024-2-100x146.jpg 100w, https:\/\/pole-de-sante-egreville.fr\/wp-content\/uploads\/2022\/11\/APA2-703x1024-2-150x218.jpg 150w, https:\/\/pole-de-sante-egreville.fr\/wp-content\/uploads\/2022\/11\/APA2-703x1024-2-200x291.jpg 200w, https:\/\/pole-de-sante-egreville.fr\/wp-content\/uploads\/2022\/11\/APA2-703x1024-2-300x437.jpg 300w, https:\/\/pole-de-sante-egreville.fr\/wp-content\/uploads\/2022\/11\/APA2-703x1024-2-450x655.jpg 450w, https:\/\/pole-de-sante-egreville.fr\/wp-content\/uploads\/2022\/11\/APA2-703x1024-2-600x874.jpg 600w\" sizes=\"(max-width: 703px) 100vw, 703px\" \/>\t\t\t\t\t\t\t\t\t\t\t\t\t\t\t<\/div>\n\t\t\t\t<\/div>\n\t\t\t\t\t<\/div>\n\t\t<\/div>\n\t\t\t\t\t<\/div>\n\t\t<\/section>\n\t\t\t\t<section class=\"elementor-section elementor-top-section elementor-element elementor-element-39b678b elementor-section-boxed elementor-section-height-default elementor-section-height-default\" data-id=\"39b678b\" data-element_type=\"section\" data-e-type=\"section\">\n\t\t\t\t\t\t<div class=\"elementor-container elementor-column-gap-default\">\n\t\t\t\t\t<div class=\"elementor-column elementor-col-50 elementor-top-column elementor-element elementor-element-e3e7e33\" data-id=\"e3e7e33\" data-element_type=\"column\" data-e-type=\"column\">\n\t\t\t<div class=\"elementor-widget-wrap elementor-element-populated\">\n\t\t\t\t\t\t<div class=\"elementor-element elementor-element-a78b81c elementor-widget elementor-widget-text-editor\" data-id=\"a78b81c\" data-element_type=\"widget\" data-e-type=\"widget\" data-widget_type=\"text-editor.default\">\n\t\t\t\t<div class=\"elementor-widget-container\">\n\t\t\t\t\t\t\t\t\t<p>Conditions d\u2019attributions de l\u2019APA\u00a0<br \/>(Allocation Personnalis\u00e9e d\u2019Autonomie)<\/p>\t\t\t\t\t\t\t\t<\/div>\n\t\t\t\t<\/div>\n\t\t\t\t\t<\/div>\n\t\t<\/div>\n\t\t\t\t<div class=\"elementor-column elementor-col-50 elementor-top-column elementor-element elementor-element-c0bcd21\" data-id=\"c0bcd21\" data-element_type=\"column\" data-e-type=\"column\">\n\t\t\t<div class=\"elementor-widget-wrap elementor-element-populated\">\n\t\t\t\t\t\t<div class=\"elementor-element elementor-element-be79ee5 elementor-align-left elementor-widget elementor-widget-button\" data-id=\"be79ee5\" data-element_type=\"widget\" data-e-type=\"widget\" data-widget_type=\"button.default\">\n\t\t\t\t<div class=\"elementor-widget-container\">\n\t\t\t\t\t\t\t\t\t<div class=\"elementor-button-wrapper\">\n\t\t\t\t\t<a class=\"elementor-button elementor-button-link elementor-size-sm\" href=\"http:\/\/pole-de-sante-egreville.fr\/wp-content\/uploads\/2022\/11\/conditions-dattribution-de-lapa.pdf\" target=\"_blank\">\n\t\t\t\t\t\t<span class=\"elementor-button-content-wrapper\">\n\t\t\t\t\t\t\t\t\t<span class=\"elementor-button-text\">Cliquez ici<\/span>\n\t\t\t\t\t<\/span>\n\t\t\t\t\t<\/a>\n\t\t\t\t<\/div>\n\t\t\t\t\t\t\t\t<\/div>\n\t\t\t\t<\/div>\n\t\t\t\t\t<\/div>\n\t\t<\/div>\n\t\t\t\t\t<\/div>\n\t\t<\/section>\n\t\t\t\t<section class=\"elementor-section elementor-top-section elementor-element elementor-element-d92b8ff elementor-section-boxed elementor-section-height-default elementor-section-height-default\" data-id=\"d92b8ff\" data-element_type=\"section\" data-e-type=\"section\">\n\t\t\t\t\t\t<div class=\"elementor-container elementor-column-gap-default\">\n\t\t\t\t\t<div class=\"elementor-column elementor-col-50 elementor-top-column elementor-element elementor-element-5651b3b\" data-id=\"5651b3b\" data-element_type=\"column\" data-e-type=\"column\">\n\t\t\t<div class=\"elementor-widget-wrap elementor-element-populated\">\n\t\t\t\t\t\t<div class=\"elementor-element elementor-element-4703790 elementor-widget elementor-widget-text-editor\" data-id=\"4703790\" data-element_type=\"widget\" data-e-type=\"widget\" data-widget_type=\"text-editor.default\">\n\t\t\t\t<div class=\"elementor-widget-container\">\n\t\t\t\t\t\t\t\t\t<p>T\u00e9l\u00e9chargement du dossier de demande d\u2019allocation personnalis\u00e9e d\u2019autonomie \u00e0 domicile.<\/p>\t\t\t\t\t\t\t\t<\/div>\n\t\t\t\t<\/div>\n\t\t\t\t\t<\/div>\n\t\t<\/div>\n\t\t\t\t<div class=\"elementor-column elementor-col-50 elementor-top-column elementor-element elementor-element-0b1c076\" data-id=\"0b1c076\" data-element_type=\"column\" data-e-type=\"column\">\n\t\t\t<div class=\"elementor-widget-wrap elementor-element-populated\">\n\t\t\t\t\t\t<div class=\"elementor-element elementor-element-2389dab elementor-widget elementor-widget-button\" data-id=\"2389dab\" data-element_type=\"widget\" data-e-type=\"widget\" data-widget_type=\"button.default\">\n\t\t\t\t<div class=\"elementor-widget-container\">\n\t\t\t\t\t\t\t\t\t<div class=\"elementor-button-wrapper\">\n\t\t\t\t\t<a class=\"elementor-button elementor-button-link elementor-size-sm\" href=\"http:\/\/pole-de-sante-egreville.fr\/wp-content\/uploads\/2022\/11\/demande-dallocation-personnalisee-dautonomie-a-domicile.pdf\" target=\"_blank\">\n\t\t\t\t\t\t<span class=\"elementor-button-content-wrapper\">\n\t\t\t\t\t\t\t\t\t<span class=\"elementor-button-text\">Cliquez ici<\/span>\n\t\t\t\t\t<\/span>\n\t\t\t\t\t<\/a>\n\t\t\t\t<\/div>\n\t\t\t\t\t\t\t\t<\/div>\n\t\t\t\t<\/div>\n\t\t\t\t\t<\/div>\n\t\t<\/div>\n\t\t\t\t\t<\/div>\n\t\t<\/section>\n\t\t\t\t<section class=\"elementor-section elementor-top-section elementor-element elementor-element-40b01fc elementor-section-boxed elementor-section-height-default elementor-section-height-default\" data-id=\"40b01fc\" data-element_type=\"section\" data-e-type=\"section\">\n\t\t\t\t\t\t<div class=\"elementor-container elementor-column-gap-default\">\n\t\t\t\t\t<div class=\"elementor-column elementor-col-50 elementor-top-column elementor-element elementor-element-08cc121\" data-id=\"08cc121\" data-element_type=\"column\" data-e-type=\"column\">\n\t\t\t<div class=\"elementor-widget-wrap elementor-element-populated\">\n\t\t\t\t\t\t<div class=\"elementor-element elementor-element-4706eef elementor-widget elementor-widget-text-editor\" data-id=\"4706eef\" data-element_type=\"widget\" data-e-type=\"widget\" data-widget_type=\"text-editor.default\">\n\t\t\t\t<div class=\"elementor-widget-container\">\n\t\t\t\t\t\t\t\t\t<p>Liste des pi\u00e8ces justificatives \u00e0 fournie lors de la constitution du dossier.<\/p>\t\t\t\t\t\t\t\t<\/div>\n\t\t\t\t<\/div>\n\t\t\t\t\t<\/div>\n\t\t<\/div>\n\t\t\t\t<div class=\"elementor-column elementor-col-50 elementor-top-column elementor-element elementor-element-198b709\" data-id=\"198b709\" data-element_type=\"column\" data-e-type=\"column\">\n\t\t\t<div class=\"elementor-widget-wrap elementor-element-populated\">\n\t\t\t\t\t\t<div class=\"elementor-element elementor-element-36baf6b elementor-widget elementor-widget-button\" data-id=\"36baf6b\" data-element_type=\"widget\" data-e-type=\"widget\" data-widget_type=\"button.default\">\n\t\t\t\t<div class=\"elementor-widget-container\">\n\t\t\t\t\t\t\t\t\t<div class=\"elementor-button-wrapper\">\n\t\t\t\t\t<a class=\"elementor-button elementor-button-link elementor-size-sm\" href=\"http:\/\/pole-de-sante-egreville.fr\/wp-content\/uploads\/2022\/11\/liste-des-pieces-justificatives-lors-de-la-constitution-du-dossier.pdf\" target=\"_blank\">\n\t\t\t\t\t\t<span class=\"elementor-button-content-wrapper\">\n\t\t\t\t\t\t\t\t\t<span class=\"elementor-button-text\">Cliquez ici<\/span>\n\t\t\t\t\t<\/span>\n\t\t\t\t\t<\/a>\n\t\t\t\t<\/div>\n\t\t\t\t\t\t\t\t<\/div>\n\t\t\t\t<\/div>\n\t\t\t\t\t<\/div>\n\t\t<\/div>\n\t\t\t\t\t<\/div>\n\t\t<\/section>\n\t\t\t\t<section class=\"elementor-section elementor-top-section elementor-element elementor-element-539c979 elementor-section-boxed elementor-section-height-default elementor-section-height-default\" data-id=\"539c979\" data-element_type=\"section\" data-e-type=\"section\">\n\t\t\t\t\t\t<div class=\"elementor-container elementor-column-gap-default\">\n\t\t\t\t\t<div class=\"elementor-column elementor-col-100 elementor-top-column elementor-element elementor-element-1ab7741\" data-id=\"1ab7741\" data-element_type=\"column\" data-e-type=\"column\">\n\t\t\t<div class=\"elementor-widget-wrap elementor-element-populated\">\n\t\t\t\t\t\t<div class=\"elementor-element elementor-element-35965d3 elementor-widget elementor-widget-text-editor\" data-id=\"35965d3\" data-element_type=\"widget\" data-e-type=\"widget\" data-widget_type=\"text-editor.default\">\n\t\t\t\t<div class=\"elementor-widget-container\">\n\t\t\t\t\t\t\t\t\t<p>HOTLINE : 01 64 14 77 77.<br \/>La Maison D\u00e9partementale des Solidarit\u00e9s peut vous aider \u00e0 remplir et constituer le dossier. Du lundi au vendredi de 9h \u00e0 17h<br \/>Par mail : departement@departement77.fr<br \/>ou espace contact sur le site\u00a0<a href=\"https:\/\/seine-et-marne.fr\/fr\/nous-contacter\" target=\"_blank\" rel=\"noopener\">seine-et-marne.fr<\/a><\/p><p>Sinon et uniquement sur rendez-vous au 01 60 55 20 58 du lundi au vendredi de 8h30 \u00e0 12h30.<br \/>Maison des Solidarit\u00e9s\u00a0<br \/>1 rue Beauregard<br \/>77140 NEMOURS<\/p>\t\t\t\t\t\t\t\t<\/div>\n\t\t\t\t<\/div>\n\t\t\t\t\t<\/div>\n\t\t<\/div>\n\t\t\t\t\t<\/div>\n\t\t<\/section>\n\t\t\t\t<\/div>\n\t\t","protected":false},"excerpt":{"rendered":"<p>Portail d\u2019aides sociales du d\u00e9partement &gt;&gt;&gt; cliquez ici Conditions d\u2019attributions de l\u2019APA\u00a0(Allocation Personnalis\u00e9e d\u2019Autonomie) Cliquez ici T\u00e9l\u00e9chargement du dossier de demande d\u2019allocation personnalis\u00e9e d\u2019autonomie \u00e0 domicile. Cliquez ici Liste des pi\u00e8ces justificatives \u00e0 fournie lors de la constitution du dossier. &hellip;<\/p>\n<p class=\"read-more\"> <a class=\"more-link\" href=\"https:\/\/pole-de-sante-egreville.fr\/?page_id=202\"> <span class=\"screen-reader-text\">Dossier APA<\/span> Read More &raquo;<\/a><\/p>\n","protected":false},"author":1,"featured_media":0,"parent":0,"menu_order":0,"comment_status":"closed","ping_status":"closed","template":"","meta":{"footnotes":""},"class_list":["post-202","page","type-page","status-publish","hentry"],"yoast_head":"<!-- This site is optimized with the Yoast SEO plugin v27.5 - https:\/\/yoast.com\/product\/yoast-seo-wordpress\/ -->\n<title>Dossier APA - P\u00f4le de Sant\u00e9 d&#039;Egreville<\/title>\n<meta name=\"robots\" content=\"index, follow, max-snippet:-1, max-image-preview:large, max-video-preview:-1\" \/>\n<link rel=\"canonical\" href=\"https:\/\/pole-de-sante-egreville.fr\/?page_id=202\" \/>\n<meta property=\"og:locale\" content=\"fr_FR\" \/>\n<meta property=\"og:type\" content=\"article\" \/>\n<meta property=\"og:title\" content=\"Dossier APA - P\u00f4le de Sant\u00e9 d&#039;Egreville\" \/>\n<meta property=\"og:description\" content=\"Portail d\u2019aides sociales du d\u00e9partement &gt;&gt;&gt; cliquez ici Conditions d\u2019attributions de l\u2019APA\u00a0(Allocation Personnalis\u00e9e d\u2019Autonomie) Cliquez ici T\u00e9l\u00e9chargement du dossier de demande d\u2019allocation personnalis\u00e9e d\u2019autonomie \u00e0 domicile. Cliquez ici Liste des pi\u00e8ces justificatives \u00e0 fournie lors de la constitution du dossier. &hellip; Dossier APA Read More &raquo;\" \/>\n<meta property=\"og:url\" content=\"https:\/\/pole-de-sante-egreville.fr\/?page_id=202\" \/>\n<meta property=\"og:site_name\" content=\"P\u00f4le de Sant\u00e9 d&#039;Egreville\" \/>\n<meta property=\"article:modified_time\" content=\"2022-11-14T15:42:02+00:00\" \/>\n<meta property=\"og:image\" content=\"https:\/\/pole-de-sante-egreville.fr\/wp-content\/uploads\/2022\/11\/APA1-1024x690-2.jpg\" \/>\n<meta name=\"twitter:card\" content=\"summary_large_image\" \/>\n<meta name=\"twitter:label1\" content=\"Dur\u00e9e de lecture estim\u00e9e\" \/>\n\t<meta name=\"twitter:data1\" content=\"1 minute\" \/>\n<script type=\"application\/ld+json\" class=\"yoast-schema-graph\">{\"@context\":\"https:\\\/\\\/schema.org\",\"@graph\":[{\"@type\":\"WebPage\",\"@id\":\"https:\\\/\\\/pole-de-sante-egreville.fr\\\/?page_id=202\",\"url\":\"https:\\\/\\\/pole-de-sante-egreville.fr\\\/?page_id=202\",\"name\":\"Dossier APA - P\u00f4le de Sant\u00e9 d&#039;Egreville\",\"isPartOf\":{\"@id\":\"https:\\\/\\\/pole-de-sante-egreville.fr\\\/#website\"},\"primaryImageOfPage\":{\"@id\":\"https:\\\/\\\/pole-de-sante-egreville.fr\\\/?page_id=202#primaryimage\"},\"image\":{\"@id\":\"https:\\\/\\\/pole-de-sante-egreville.fr\\\/?page_id=202#primaryimage\"},\"thumbnailUrl\":\"https:\\\/\\\/pole-de-sante-egreville.fr\\\/wp-content\\\/uploads\\\/2022\\\/11\\\/APA1-1024x690-2.jpg\",\"datePublished\":\"2022-11-14T15:32:50+00:00\",\"dateModified\":\"2022-11-14T15:42:02+00:00\",\"breadcrumb\":{\"@id\":\"https:\\\/\\\/pole-de-sante-egreville.fr\\\/?page_id=202#breadcrumb\"},\"inLanguage\":\"fr-FR\",\"potentialAction\":[{\"@type\":\"ReadAction\",\"target\":[\"https:\\\/\\\/pole-de-sante-egreville.fr\\\/?page_id=202\"]}]},{\"@type\":\"ImageObject\",\"inLanguage\":\"fr-FR\",\"@id\":\"https:\\\/\\\/pole-de-sante-egreville.fr\\\/?page_id=202#primaryimage\",\"url\":\"https:\\\/\\\/pole-de-sante-egreville.fr\\\/wp-content\\\/uploads\\\/2022\\\/11\\\/APA1-1024x690-2.jpg\",\"contentUrl\":\"https:\\\/\\\/pole-de-sante-egreville.fr\\\/wp-content\\\/uploads\\\/2022\\\/11\\\/APA1-1024x690-2.jpg\",\"width\":1024,\"height\":690},{\"@type\":\"BreadcrumbList\",\"@id\":\"https:\\\/\\\/pole-de-sante-egreville.fr\\\/?page_id=202#breadcrumb\",\"itemListElement\":[{\"@type\":\"ListItem\",\"position\":1,\"name\":\"Accueil\",\"item\":\"https:\\\/\\\/pole-de-sante-egreville.fr\\\/\"},{\"@type\":\"ListItem\",\"position\":2,\"name\":\"Dossier APA\"}]},{\"@type\":\"WebSite\",\"@id\":\"https:\\\/\\\/pole-de-sante-egreville.fr\\\/#website\",\"url\":\"https:\\\/\\\/pole-de-sante-egreville.fr\\\/\",\"name\":\"P\u00f4le de Sant\u00e9 d&#039;Egreville\",\"description\":\"M\u00e9dicaux et Param\u00e9dicaux\",\"publisher\":{\"@id\":\"https:\\\/\\\/pole-de-sante-egreville.fr\\\/#organization\"},\"alternateName\":\"Maison de Sant\u00e9 d'Egreville\",\"potentialAction\":[{\"@type\":\"SearchAction\",\"target\":{\"@type\":\"EntryPoint\",\"urlTemplate\":\"https:\\\/\\\/pole-de-sante-egreville.fr\\\/?s={search_term_string}\"},\"query-input\":{\"@type\":\"PropertyValueSpecification\",\"valueRequired\":true,\"valueName\":\"search_term_string\"}}],\"inLanguage\":\"fr-FR\"},{\"@type\":\"Organization\",\"@id\":\"https:\\\/\\\/pole-de-sante-egreville.fr\\\/#organization\",\"name\":\"P\u00f4le de Sant\u00e9 d&#039;Egreville\",\"url\":\"https:\\\/\\\/pole-de-sante-egreville.fr\\\/\",\"logo\":{\"@type\":\"ImageObject\",\"inLanguage\":\"fr-FR\",\"@id\":\"https:\\\/\\\/pole-de-sante-egreville.fr\\\/#\\\/schema\\\/logo\\\/image\\\/\",\"url\":\"https:\\\/\\\/pole-de-sante-egreville.fr\\\/wp-content\\\/uploads\\\/2022\\\/11\\\/pole-sante-1024x768-1.jpg\",\"contentUrl\":\"https:\\\/\\\/pole-de-sante-egreville.fr\\\/wp-content\\\/uploads\\\/2022\\\/11\\\/pole-sante-1024x768-1.jpg\",\"width\":1024,\"height\":768,\"caption\":\"P\u00f4le de Sant\u00e9 d&#039;Egreville\"},\"image\":{\"@id\":\"https:\\\/\\\/pole-de-sante-egreville.fr\\\/#\\\/schema\\\/logo\\\/image\\\/\"}}]}<\/script>\n<!-- \/ Yoast SEO plugin. -->","yoast_head_json":{"title":"Dossier APA - P\u00f4le de Sant\u00e9 d&#039;Egreville","robots":{"index":"index","follow":"follow","max-snippet":"max-snippet:-1","max-image-preview":"max-image-preview:large","max-video-preview":"max-video-preview:-1"},"canonical":"https:\/\/pole-de-sante-egreville.fr\/?page_id=202","og_locale":"fr_FR","og_type":"article","og_title":"Dossier APA - P\u00f4le de Sant\u00e9 d&#039;Egreville","og_description":"Portail d\u2019aides sociales du d\u00e9partement &gt;&gt;&gt; cliquez ici Conditions d\u2019attributions de l\u2019APA\u00a0(Allocation Personnalis\u00e9e d\u2019Autonomie) Cliquez ici T\u00e9l\u00e9chargement du dossier de demande d\u2019allocation personnalis\u00e9e d\u2019autonomie \u00e0 domicile. Cliquez ici Liste des pi\u00e8ces justificatives \u00e0 fournie lors de la constitution du dossier. &hellip; Dossier APA Read More &raquo;","og_url":"https:\/\/pole-de-sante-egreville.fr\/?page_id=202","og_site_name":"P\u00f4le de Sant\u00e9 d&#039;Egreville","article_modified_time":"2022-11-14T15:42:02+00:00","og_image":[{"url":"https:\/\/pole-de-sante-egreville.fr\/wp-content\/uploads\/2022\/11\/APA1-1024x690-2.jpg","type":"","width":"","height":""}],"twitter_card":"summary_large_image","twitter_misc":{"Dur\u00e9e de lecture estim\u00e9e":"1 minute"},"schema":{"@context":"https:\/\/schema.org","@graph":[{"@type":"WebPage","@id":"https:\/\/pole-de-sante-egreville.fr\/?page_id=202","url":"https:\/\/pole-de-sante-egreville.fr\/?page_id=202","name":"Dossier APA - P\u00f4le de Sant\u00e9 d&#039;Egreville","isPartOf":{"@id":"https:\/\/pole-de-sante-egreville.fr\/#website"},"primaryImageOfPage":{"@id":"https:\/\/pole-de-sante-egreville.fr\/?page_id=202#primaryimage"},"image":{"@id":"https:\/\/pole-de-sante-egreville.fr\/?page_id=202#primaryimage"},"thumbnailUrl":"https:\/\/pole-de-sante-egreville.fr\/wp-content\/uploads\/2022\/11\/APA1-1024x690-2.jpg","datePublished":"2022-11-14T15:32:50+00:00","dateModified":"2022-11-14T15:42:02+00:00","breadcrumb":{"@id":"https:\/\/pole-de-sante-egreville.fr\/?page_id=202#breadcrumb"},"inLanguage":"fr-FR","potentialAction":[{"@type":"ReadAction","target":["https:\/\/pole-de-sante-egreville.fr\/?page_id=202"]}]},{"@type":"ImageObject","inLanguage":"fr-FR","@id":"https:\/\/pole-de-sante-egreville.fr\/?page_id=202#primaryimage","url":"https:\/\/pole-de-sante-egreville.fr\/wp-content\/uploads\/2022\/11\/APA1-1024x690-2.jpg","contentUrl":"https:\/\/pole-de-sante-egreville.fr\/wp-content\/uploads\/2022\/11\/APA1-1024x690-2.jpg","width":1024,"height":690},{"@type":"BreadcrumbList","@id":"https:\/\/pole-de-sante-egreville.fr\/?page_id=202#breadcrumb","itemListElement":[{"@type":"ListItem","position":1,"name":"Accueil","item":"https:\/\/pole-de-sante-egreville.fr\/"},{"@type":"ListItem","position":2,"name":"Dossier APA"}]},{"@type":"WebSite","@id":"https:\/\/pole-de-sante-egreville.fr\/#website","url":"https:\/\/pole-de-sante-egreville.fr\/","name":"P\u00f4le de Sant\u00e9 d&#039;Egreville","description":"M\u00e9dicaux et Param\u00e9dicaux","publisher":{"@id":"https:\/\/pole-de-sante-egreville.fr\/#organization"},"alternateName":"Maison de Sant\u00e9 d'Egreville","potentialAction":[{"@type":"SearchAction","target":{"@type":"EntryPoint","urlTemplate":"https:\/\/pole-de-sante-egreville.fr\/?s={search_term_string}"},"query-input":{"@type":"PropertyValueSpecification","valueRequired":true,"valueName":"search_term_string"}}],"inLanguage":"fr-FR"},{"@type":"Organization","@id":"https:\/\/pole-de-sante-egreville.fr\/#organization","name":"P\u00f4le de Sant\u00e9 d&#039;Egreville","url":"https:\/\/pole-de-sante-egreville.fr\/","logo":{"@type":"ImageObject","inLanguage":"fr-FR","@id":"https:\/\/pole-de-sante-egreville.fr\/#\/schema\/logo\/image\/","url":"https:\/\/pole-de-sante-egreville.fr\/wp-content\/uploads\/2022\/11\/pole-sante-1024x768-1.jpg","contentUrl":"https:\/\/pole-de-sante-egreville.fr\/wp-content\/uploads\/2022\/11\/pole-sante-1024x768-1.jpg","width":1024,"height":768,"caption":"P\u00f4le de Sant\u00e9 d&#039;Egreville"},"image":{"@id":"https:\/\/pole-de-sante-egreville.fr\/#\/schema\/logo\/image\/"}}]}},"_links":{"self":[{"href":"https:\/\/pole-de-sante-egreville.fr\/index.php?rest_route=\/wp\/v2\/pages\/202","targetHints":{"allow":["GET"]}}],"collection":[{"href":"https:\/\/pole-de-sante-egreville.fr\/index.php?rest_route=\/wp\/v2\/pages"}],"about":[{"href":"https:\/\/pole-de-sante-egreville.fr\/index.php?rest_route=\/wp\/v2\/types\/page"}],"author":[{"embeddable":true,"href":"https:\/\/pole-de-sante-egreville.fr\/index.php?rest_route=\/wp\/v2\/users\/1"}],"replies":[{"embeddable":true,"href":"https:\/\/pole-de-sante-egreville.fr\/index.php?rest_route=%2Fwp%2Fv2%2Fcomments&post=202"}],"version-history":[{"count":16,"href":"https:\/\/pole-de-sante-egreville.fr\/index.php?rest_route=\/wp\/v2\/pages\/202\/revisions"}],"predecessor-version":[{"id":222,"href":"https:\/\/pole-de-sante-egreville.fr\/index.php?rest_route=\/wp\/v2\/pages\/202\/revisions\/222"}],"wp:attachment":[{"href":"https:\/\/pole-de-sante-egreville.fr\/index.php?rest_route=%2Fwp%2Fv2%2Fmedia&parent=202"}],"curies":[{"name":"wp","href":"https:\/\/api.w.org\/{rel}","templated":true}]}}