{"id":181,"date":"2022-11-14T15:22:34","date_gmt":"2022-11-14T15:22:34","guid":{"rendered":"https:\/\/pole-de-sante-egreville.fr\/?page_id=181"},"modified":"2022-11-22T09:35:51","modified_gmt":"2022-11-22T09:35:51","slug":"infirmieres","status":"publish","type":"page","link":"https:\/\/pole-de-sante-egreville.fr\/?page_id=181","title":{"rendered":"Infirmi\u00e8res"},"content":{"rendered":"\t\t<div data-elementor-type=\"wp-page\" data-elementor-id=\"181\" class=\"elementor elementor-181\">\n\t\t\t\t\t\t<section class=\"elementor-section elementor-top-section elementor-element elementor-element-f96b015 elementor-section-boxed elementor-section-height-default elementor-section-height-default\" data-id=\"f96b015\" data-element_type=\"section\" data-e-type=\"section\">\n\t\t\t\t\t\t<div class=\"elementor-container elementor-column-gap-default\">\n\t\t\t\t\t<div class=\"elementor-column elementor-col-100 elementor-top-column elementor-element elementor-element-febe496\" data-id=\"febe496\" data-element_type=\"column\" data-e-type=\"column\">\n\t\t\t<div class=\"elementor-widget-wrap elementor-element-populated\">\n\t\t\t\t\t\t<div class=\"elementor-element elementor-element-61bfd61 elementor-widget elementor-widget-text-editor\" data-id=\"61bfd61\" data-element_type=\"widget\" data-e-type=\"widget\" data-widget_type=\"text-editor.default\">\n\t\t\t\t<div class=\"elementor-widget-container\">\n\t\t\t\t\t\t\t\t\t<h2>01.64.28.24.39<\/h2>\t\t\t\t\t\t\t\t<\/div>\n\t\t\t\t<\/div>\n\t\t\t\t\t<\/div>\n\t\t<\/div>\n\t\t\t\t\t<\/div>\n\t\t<\/section>\n\t\t\t\t<section class=\"elementor-section elementor-top-section elementor-element elementor-element-bf8b426 elementor-section-boxed elementor-section-height-default elementor-section-height-default\" data-id=\"bf8b426\" data-element_type=\"section\" data-e-type=\"section\">\n\t\t\t\t\t\t<div class=\"elementor-container elementor-column-gap-default\">\n\t\t\t\t\t<div class=\"elementor-column elementor-col-100 elementor-top-column elementor-element elementor-element-c153483\" data-id=\"c153483\" data-element_type=\"column\" data-e-type=\"column\">\n\t\t\t<div class=\"elementor-widget-wrap elementor-element-populated\">\n\t\t\t\t\t\t<div class=\"elementor-element elementor-element-51e3769 elementor-widget elementor-widget-text-editor\" data-id=\"51e3769\" data-element_type=\"widget\" data-e-type=\"widget\" data-widget_type=\"text-editor.default\">\n\t\t\t\t<div class=\"elementor-widget-container\">\n\t\t\t\t\t\t\t\t\t<section class=\"elementor-section elementor-top-section elementor-element elementor-element-f22bf8b elementor-section-boxed elementor-section-height-default elementor-section-height-default\" data-id=\"f22bf8b\" data-element_type=\"section\"><div class=\"elementor-container elementor-column-gap-default\"><div class=\"elementor-row\"><div class=\"elementor-column elementor-col-100 elementor-top-column elementor-element elementor-element-73c7a87\" data-id=\"73c7a87\" data-element_type=\"column\"><div class=\"elementor-column-wrap elementor-element-populated\"><div class=\"elementor-widget-wrap\"><div class=\"elementor-element elementor-element-76f2abe elementor-widget elementor-widget-text-editor\" data-id=\"76f2abe\" data-element_type=\"widget\" data-widget_type=\"text-editor.default\"><div class=\"elementor-widget-container\"><div class=\"elementor-text-editor elementor-clearfix\"><h3><strong>Les infirmi\u00e8res vaccinent contre la grippe les mardis et vendredis de 14h00 \u00e0 15h00 sans rendez-vou<\/strong>s.<\/h3><\/div><\/div><\/div><\/div><\/div><\/div><\/div><\/div><\/section>\t\t\t\t\t\t\t\t<\/div>\n\t\t\t\t<\/div>\n\t\t\t\t\t<\/div>\n\t\t<\/div>\n\t\t\t\t\t<\/div>\n\t\t<\/section>\n\t\t\t\t<section class=\"elementor-section elementor-top-section elementor-element elementor-element-774b05d elementor-section-boxed elementor-section-height-default elementor-section-height-default\" data-id=\"774b05d\" data-element_type=\"section\" data-e-type=\"section\">\n\t\t\t\t\t\t<div class=\"elementor-container elementor-column-gap-default\">\n\t\t\t\t\t<div class=\"elementor-column elementor-col-100 elementor-top-column elementor-element elementor-element-bc10673\" data-id=\"bc10673\" data-element_type=\"column\" data-e-type=\"column\">\n\t\t\t<div class=\"elementor-widget-wrap elementor-element-populated\">\n\t\t\t\t\t\t<div class=\"elementor-element elementor-element-eb719e6 elementor-widget elementor-widget-text-editor\" data-id=\"eb719e6\" data-element_type=\"widget\" data-e-type=\"widget\" data-widget_type=\"text-editor.default\">\n\t\t\t\t<div class=\"elementor-widget-container\">\n\t\t\t\t\t\t\t\t\t<ul><li>Vaccination Covid sur rendez-vous<\/li><li>Test antig\u00e9niques et PCR au cabinet et \u00e0 domicile<\/li><li>Permanence de laboratoire pour les bilans sanguins tous les matins sauf le dimanche sur rendez-vous<\/li><li>Soins infirmiers \u00e0 domicile et\/ ou au cabinet<\/li><li>Prise en charge pansements , injections , nursing<\/li><li>Accompagnements pathologies chroniques<\/li><\/ul>\t\t\t\t\t\t\t\t<\/div>\n\t\t\t\t<\/div>\n\t\t\t\t\t<\/div>\n\t\t<\/div>\n\t\t\t\t\t<\/div>\n\t\t<\/section>\n\t\t\t\t<\/div>\n\t\t","protected":false},"excerpt":{"rendered":"<p>01.64.28.24.39 Les infirmi\u00e8res vaccinent contre la grippe les mardis et vendredis de 14h00 \u00e0 15h00 sans rendez-vous. Vaccination Covid sur rendez-vous Test antig\u00e9niques et PCR au cabinet et \u00e0 domicile Permanence de laboratoire pour les bilans sanguins tous les matins &hellip;<\/p>\n<p class=\"read-more\"> <a class=\"more-link\" href=\"https:\/\/pole-de-sante-egreville.fr\/?page_id=181\"> <span class=\"screen-reader-text\">Infirmi\u00e8res<\/span> Read More &raquo;<\/a><\/p>\n","protected":false},"author":1,"featured_media":0,"parent":0,"menu_order":0,"comment_status":"closed","ping_status":"closed","template":"","meta":{"footnotes":""},"class_list":["post-181","page","type-page","status-publish","hentry"],"yoast_head":"<!-- This site is optimized with the Yoast SEO plugin v27.5 - https:\/\/yoast.com\/product\/yoast-seo-wordpress\/ -->\n<title>Infirmi\u00e8res - P\u00f4le de Sant\u00e9 d&#039;Egreville<\/title>\n<meta name=\"robots\" content=\"index, follow, max-snippet:-1, max-image-preview:large, max-video-preview:-1\" \/>\n<link rel=\"canonical\" href=\"https:\/\/pole-de-sante-egreville.fr\/?page_id=181\" \/>\n<meta property=\"og:locale\" content=\"fr_FR\" \/>\n<meta property=\"og:type\" content=\"article\" \/>\n<meta property=\"og:title\" content=\"Infirmi\u00e8res - P\u00f4le de Sant\u00e9 d&#039;Egreville\" \/>\n<meta property=\"og:description\" content=\"01.64.28.24.39 Les infirmi\u00e8res vaccinent contre la grippe les mardis et vendredis de 14h00 \u00e0 15h00 sans rendez-vous. Vaccination Covid sur rendez-vous Test antig\u00e9niques et PCR au cabinet et \u00e0 domicile Permanence de laboratoire pour les bilans sanguins tous les matins &hellip; Infirmi\u00e8res Read More &raquo;\" \/>\n<meta property=\"og:url\" content=\"https:\/\/pole-de-sante-egreville.fr\/?page_id=181\" \/>\n<meta property=\"og:site_name\" content=\"P\u00f4le de Sant\u00e9 d&#039;Egreville\" \/>\n<meta property=\"article:modified_time\" content=\"2022-11-22T09:35:51+00:00\" \/>\n<meta name=\"twitter:card\" content=\"summary_large_image\" \/>\n<script type=\"application\/ld+json\" class=\"yoast-schema-graph\">{\"@context\":\"https:\\\/\\\/schema.org\",\"@graph\":[{\"@type\":\"WebPage\",\"@id\":\"https:\\\/\\\/pole-de-sante-egreville.fr\\\/?page_id=181\",\"url\":\"https:\\\/\\\/pole-de-sante-egreville.fr\\\/?page_id=181\",\"name\":\"Infirmi\u00e8res - P\u00f4le de Sant\u00e9 d&#039;Egreville\",\"isPartOf\":{\"@id\":\"https:\\\/\\\/pole-de-sante-egreville.fr\\\/#website\"},\"datePublished\":\"2022-11-14T15:22:34+00:00\",\"dateModified\":\"2022-11-22T09:35:51+00:00\",\"breadcrumb\":{\"@id\":\"https:\\\/\\\/pole-de-sante-egreville.fr\\\/?page_id=181#breadcrumb\"},\"inLanguage\":\"fr-FR\",\"potentialAction\":[{\"@type\":\"ReadAction\",\"target\":[\"https:\\\/\\\/pole-de-sante-egreville.fr\\\/?page_id=181\"]}]},{\"@type\":\"BreadcrumbList\",\"@id\":\"https:\\\/\\\/pole-de-sante-egreville.fr\\\/?page_id=181#breadcrumb\",\"itemListElement\":[{\"@type\":\"ListItem\",\"position\":1,\"name\":\"Accueil\",\"item\":\"https:\\\/\\\/pole-de-sante-egreville.fr\\\/\"},{\"@type\":\"ListItem\",\"position\":2,\"name\":\"Infirmi\u00e8res\"}]},{\"@type\":\"WebSite\",\"@id\":\"https:\\\/\\\/pole-de-sante-egreville.fr\\\/#website\",\"url\":\"https:\\\/\\\/pole-de-sante-egreville.fr\\\/\",\"name\":\"P\u00f4le de Sant\u00e9 d&#039;Egreville\",\"description\":\"M\u00e9dicaux et Param\u00e9dicaux\",\"publisher\":{\"@id\":\"https:\\\/\\\/pole-de-sante-egreville.fr\\\/#organization\"},\"alternateName\":\"Maison de Sant\u00e9 d'Egreville\",\"potentialAction\":[{\"@type\":\"SearchAction\",\"target\":{\"@type\":\"EntryPoint\",\"urlTemplate\":\"https:\\\/\\\/pole-de-sante-egreville.fr\\\/?s={search_term_string}\"},\"query-input\":{\"@type\":\"PropertyValueSpecification\",\"valueRequired\":true,\"valueName\":\"search_term_string\"}}],\"inLanguage\":\"fr-FR\"},{\"@type\":\"Organization\",\"@id\":\"https:\\\/\\\/pole-de-sante-egreville.fr\\\/#organization\",\"name\":\"P\u00f4le de Sant\u00e9 d&#039;Egreville\",\"url\":\"https:\\\/\\\/pole-de-sante-egreville.fr\\\/\",\"logo\":{\"@type\":\"ImageObject\",\"inLanguage\":\"fr-FR\",\"@id\":\"https:\\\/\\\/pole-de-sante-egreville.fr\\\/#\\\/schema\\\/logo\\\/image\\\/\",\"url\":\"https:\\\/\\\/pole-de-sante-egreville.fr\\\/wp-content\\\/uploads\\\/2022\\\/11\\\/pole-sante-1024x768-1.jpg\",\"contentUrl\":\"https:\\\/\\\/pole-de-sante-egreville.fr\\\/wp-content\\\/uploads\\\/2022\\\/11\\\/pole-sante-1024x768-1.jpg\",\"width\":1024,\"height\":768,\"caption\":\"P\u00f4le de Sant\u00e9 d&#039;Egreville\"},\"image\":{\"@id\":\"https:\\\/\\\/pole-de-sante-egreville.fr\\\/#\\\/schema\\\/logo\\\/image\\\/\"}}]}<\/script>\n<!-- \/ Yoast SEO plugin. -->","yoast_head_json":{"title":"Infirmi\u00e8res - P\u00f4le de Sant\u00e9 d&#039;Egreville","robots":{"index":"index","follow":"follow","max-snippet":"max-snippet:-1","max-image-preview":"max-image-preview:large","max-video-preview":"max-video-preview:-1"},"canonical":"https:\/\/pole-de-sante-egreville.fr\/?page_id=181","og_locale":"fr_FR","og_type":"article","og_title":"Infirmi\u00e8res - P\u00f4le de Sant\u00e9 d&#039;Egreville","og_description":"01.64.28.24.39 Les infirmi\u00e8res vaccinent contre la grippe les mardis et vendredis de 14h00 \u00e0 15h00 sans rendez-vous. Vaccination Covid sur rendez-vous Test antig\u00e9niques et PCR au cabinet et \u00e0 domicile Permanence de laboratoire pour les bilans sanguins tous les matins &hellip; Infirmi\u00e8res Read More &raquo;","og_url":"https:\/\/pole-de-sante-egreville.fr\/?page_id=181","og_site_name":"P\u00f4le de Sant\u00e9 d&#039;Egreville","article_modified_time":"2022-11-22T09:35:51+00:00","twitter_card":"summary_large_image","schema":{"@context":"https:\/\/schema.org","@graph":[{"@type":"WebPage","@id":"https:\/\/pole-de-sante-egreville.fr\/?page_id=181","url":"https:\/\/pole-de-sante-egreville.fr\/?page_id=181","name":"Infirmi\u00e8res - P\u00f4le de Sant\u00e9 d&#039;Egreville","isPartOf":{"@id":"https:\/\/pole-de-sante-egreville.fr\/#website"},"datePublished":"2022-11-14T15:22:34+00:00","dateModified":"2022-11-22T09:35:51+00:00","breadcrumb":{"@id":"https:\/\/pole-de-sante-egreville.fr\/?page_id=181#breadcrumb"},"inLanguage":"fr-FR","potentialAction":[{"@type":"ReadAction","target":["https:\/\/pole-de-sante-egreville.fr\/?page_id=181"]}]},{"@type":"BreadcrumbList","@id":"https:\/\/pole-de-sante-egreville.fr\/?page_id=181#breadcrumb","itemListElement":[{"@type":"ListItem","position":1,"name":"Accueil","item":"https:\/\/pole-de-sante-egreville.fr\/"},{"@type":"ListItem","position":2,"name":"Infirmi\u00e8res"}]},{"@type":"WebSite","@id":"https:\/\/pole-de-sante-egreville.fr\/#website","url":"https:\/\/pole-de-sante-egreville.fr\/","name":"P\u00f4le de Sant\u00e9 d&#039;Egreville","description":"M\u00e9dicaux et Param\u00e9dicaux","publisher":{"@id":"https:\/\/pole-de-sante-egreville.fr\/#organization"},"alternateName":"Maison de Sant\u00e9 d'Egreville","potentialAction":[{"@type":"SearchAction","target":{"@type":"EntryPoint","urlTemplate":"https:\/\/pole-de-sante-egreville.fr\/?s={search_term_string}"},"query-input":{"@type":"PropertyValueSpecification","valueRequired":true,"valueName":"search_term_string"}}],"inLanguage":"fr-FR"},{"@type":"Organization","@id":"https:\/\/pole-de-sante-egreville.fr\/#organization","name":"P\u00f4le de Sant\u00e9 d&#039;Egreville","url":"https:\/\/pole-de-sante-egreville.fr\/","logo":{"@type":"ImageObject","inLanguage":"fr-FR","@id":"https:\/\/pole-de-sante-egreville.fr\/#\/schema\/logo\/image\/","url":"https:\/\/pole-de-sante-egreville.fr\/wp-content\/uploads\/2022\/11\/pole-sante-1024x768-1.jpg","contentUrl":"https:\/\/pole-de-sante-egreville.fr\/wp-content\/uploads\/2022\/11\/pole-sante-1024x768-1.jpg","width":1024,"height":768,"caption":"P\u00f4le de Sant\u00e9 d&#039;Egreville"},"image":{"@id":"https:\/\/pole-de-sante-egreville.fr\/#\/schema\/logo\/image\/"}}]}},"_links":{"self":[{"href":"https:\/\/pole-de-sante-egreville.fr\/index.php?rest_route=\/wp\/v2\/pages\/181","targetHints":{"allow":["GET"]}}],"collection":[{"href":"https:\/\/pole-de-sante-egreville.fr\/index.php?rest_route=\/wp\/v2\/pages"}],"about":[{"href":"https:\/\/pole-de-sante-egreville.fr\/index.php?rest_route=\/wp\/v2\/types\/page"}],"author":[{"embeddable":true,"href":"https:\/\/pole-de-sante-egreville.fr\/index.php?rest_route=\/wp\/v2\/users\/1"}],"replies":[{"embeddable":true,"href":"https:\/\/pole-de-sante-egreville.fr\/index.php?rest_route=%2Fwp%2Fv2%2Fcomments&post=181"}],"version-history":[{"count":10,"href":"https:\/\/pole-de-sante-egreville.fr\/index.php?rest_route=\/wp\/v2\/pages\/181\/revisions"}],"predecessor-version":[{"id":596,"href":"https:\/\/pole-de-sante-egreville.fr\/index.php?rest_route=\/wp\/v2\/pages\/181\/revisions\/596"}],"wp:attachment":[{"href":"https:\/\/pole-de-sante-egreville.fr\/index.php?rest_route=%2Fwp%2Fv2%2Fmedia&parent=181"}],"curies":[{"name":"wp","href":"https:\/\/api.w.org\/{rel}","templated":true}]}}

Infirmières

<div data-elementor-type="wp-page" data-elementor-id="181" class="elementor elementor-181">
						<section class="elementor-section elementor-top-section elementor-element elementor-element-f96b015 elementor-section-boxed elementor-section-height-default elementor-section-height-default" data-id="f96b015" data-element_type="section" data-e-type="section">
						<div class="elementor-container elementor-column-gap-default">
					<div class="elementor-column elementor-col-100 elementor-top-column elementor-element elementor-element-febe496" data-id="febe496" data-element_type="column" data-e-type="column">
			<div class="elementor-widget-wrap elementor-element-populated">
						<div class="elementor-element elementor-element-61bfd61 elementor-widget elementor-widget-text-editor" data-id="61bfd61" data-element_type="widget" data-e-type="widget" data-widget_type="text-editor.default">
				<div class="elementor-widget-container">
									<h2>01.64.28.24.39</h2>								</div>
				</div>
					</div>
		</div>
					</div>
		</section>
				<section class="elementor-section elementor-top-section elementor-element elementor-element-bf8b426 elementor-section-boxed elementor-section-height-default elementor-section-height-default" data-id="bf8b426" data-element_type="section" data-e-type="section">
						<div class="elementor-container elementor-column-gap-default">
					<div class="elementor-column elementor-col-100 elementor-top-column elementor-element elementor-element-c153483" data-id="c153483" data-element_type="column" data-e-type="column">
			<div class="elementor-widget-wrap elementor-element-populated">
						<div class="elementor-element elementor-element-51e3769 elementor-widget elementor-widget-text-editor" data-id="51e3769" data-element_type="widget" data-e-type="widget" data-widget_type="text-editor.default">
				<div class="elementor-widget-container">
									<section class="elementor-section elementor-top-section elementor-element elementor-element-f22bf8b elementor-section-boxed elementor-section-height-default elementor-section-height-default" data-id="f22bf8b" data-element_type="section"><div class="elementor-container elementor-column-gap-default"><div class="elementor-row"><div class="elementor-column elementor-col-100 elementor-top-column elementor-element elementor-element-73c7a87" data-id="73c7a87" data-element_type="column"><div class="elementor-column-wrap elementor-element-populated"><div class="elementor-widget-wrap"><div class="elementor-element elementor-element-76f2abe elementor-widget elementor-widget-text-editor" data-id="76f2abe" data-element_type="widget" data-widget_type="text-editor.default"><div class="elementor-widget-container"><div class="elementor-text-editor elementor-clearfix"><h3><strong>Les infirmières vaccinent contre la grippe les mardis et vendredis de 14h00 à 15h00 sans rendez-vou</strong>s.</h3></div></div></div></div></div></div></div></div></section>								</div>
				</div>
					</div>
		</div>
					</div>
		</section>
				<section class="elementor-section elementor-top-section elementor-element elementor-element-774b05d elementor-section-boxed elementor-section-height-default elementor-section-height-default" data-id="774b05d" data-element_type="section" data-e-type="section">
						<div class="elementor-container elementor-column-gap-default">
					<div class="elementor-column elementor-col-100 elementor-top-column elementor-element elementor-element-bc10673" data-id="bc10673" data-element_type="column" data-e-type="column">
			<div class="elementor-widget-wrap elementor-element-populated">
						<div class="elementor-element elementor-element-eb719e6 elementor-widget elementor-widget-text-editor" data-id="eb719e6" data-element_type="widget" data-e-type="widget" data-widget_type="text-editor.default">
				<div class="elementor-widget-container">
									<ul><li>Vaccination Covid sur rendez-vous</li><li>Test antigéniques et PCR au cabinet et à domicile</li><li>Permanence de laboratoire pour les bilans sanguins tous les matins sauf le dimanche sur rendez-vous</li><li>Soins infirmiers à domicile et/ ou au cabinet</li><li>Prise en charge pansements , injections , nursing</li><li>Accompagnements pathologies chroniques</li></ul>								</div>
				</div>
					</div>
		</div>
					</div>
		</section>
				</div>

<p>01.64.28.24.39 Les infirmières vaccinent contre la grippe les mardis et vendredis de 14h00 à 15h00 sans rendez-vous. Vaccination Covid sur rendez-vous Test antigéniques et PCR au cabinet et à domicile Permanence de laboratoire pour les bilans sanguins tous les matins &hellip;</p>
<p class="read-more"> <a class="more-link" href="https://pole-de-sante-egreville.fr/?page_id=181"> <span class="screen-reader-text">Infirmières</span> Read More &raquo;</a></p>

<!-- This site is optimized with the Yoast SEO plugin v27.5 - https://yoast.com/product/yoast-seo-wordpress/ -->
<title>Infirmières - Pôle de Santé d&#039;Egreville</title>
<meta name="robots" content="index, follow, max-snippet:-1, max-image-preview:large, max-video-preview:-1" />
<link rel="canonical" href="https://pole-de-sante-egreville.fr/?page_id=181" />
<meta property="og:locale" content="fr_FR" />
<meta property="og:type" content="article" />
<meta property="og:title" content="Infirmières - Pôle de Santé d&#039;Egreville" />
<meta property="og:description" content="01.64.28.24.39 Les infirmières vaccinent contre la grippe les mardis et vendredis de 14h00 à 15h00 sans rendez-vous. Vaccination Covid sur rendez-vous Test antigéniques et PCR au cabinet et à domicile Permanence de laboratoire pour les bilans sanguins tous les matins &hellip; Infirmières Read More &raquo;" />
<meta property="og:url" content="https://pole-de-sante-egreville.fr/?page_id=181" />
<meta property="og:site_name" content="Pôle de Santé d&#039;Egreville" />
<meta property="article:modified_time" content="2022-11-22T09:35:51+00:00" />
<meta name="twitter:card" content="summary_large_image" />
<script type="application/ld+json" class="yoast-schema-graph">{"@context":"https:\/\/schema.org","@graph":[{"@type":"WebPage","@id":"https:\/\/pole-de-sante-egreville.fr\/?page_id=181","url":"https:\/\/pole-de-sante-egreville.fr\/?page_id=181","name":"Infirmières - Pôle de Santé d&#039;Egreville","isPartOf":{"@id":"https:\/\/pole-de-sante-egreville.fr\/#website"},"datePublished":"2022-11-14T15:22:34+00:00","dateModified":"2022-11-22T09:35:51+00:00","breadcrumb":{"@id":"https:\/\/pole-de-sante-egreville.fr\/?page_id=181#breadcrumb"},"inLanguage":"fr-FR","potentialAction":[{"@type":"ReadAction","target":["https:\/\/pole-de-sante-egreville.fr\/?page_id=181"]}]},{"@type":"BreadcrumbList","@id":"https:\/\/pole-de-sante-egreville.fr\/?page_id=181#breadcrumb","itemListElement":[{"@type":"ListItem","position":1,"name":"Accueil","item":"https:\/\/pole-de-sante-egreville.fr\/"},{"@type":"ListItem","position":2,"name":"Infirmières"}]},{"@type":"WebSite","@id":"https:\/\/pole-de-sante-egreville.fr\/#website","url":"https:\/\/pole-de-sante-egreville.fr\/","name":"Pôle de Santé d&#039;Egreville","description":"Médicaux et Paramédicaux","publisher":{"@id":"https:\/\/pole-de-sante-egreville.fr\/#organization"},"alternateName":"Maison de Santé d'Egreville","potentialAction":[{"@type":"SearchAction","target":{"@type":"EntryPoint","urlTemplate":"https:\/\/pole-de-sante-egreville.fr\/?s={search_term_string}"},"query-input":{"@type":"PropertyValueSpecification","valueRequired":true,"valueName":"search_term_string"}}],"inLanguage":"fr-FR"},{"@type":"Organization","@id":"https:\/\/pole-de-sante-egreville.fr\/#organization","name":"Pôle de Santé d&#039;Egreville","url":"https:\/\/pole-de-sante-egreville.fr\/","logo":{"@type":"ImageObject","inLanguage":"fr-FR","@id":"https:\/\/pole-de-sante-egreville.fr\/#\/schema\/logo\/image\/","url":"https:\/\/pole-de-sante-egreville.fr\/wp-content\/uploads\/2022\/11\/pole-sante-1024x768-1.jpg","contentUrl":"https:\/\/pole-de-sante-egreville.fr\/wp-content\/uploads\/2022\/11\/pole-sante-1024x768-1.jpg","width":1024,"height":768,"caption":"Pôle de Santé d&#039;Egreville"},"image":{"@id":"https:\/\/pole-de-sante-egreville.fr\/#\/schema\/logo\/image\/"}}]}</script>
<!-- / Yoast SEO plugin. -->

Infirmières - Pôle de Santé d&#039;Egreville

01.64.28.24.39 Les infirmières vaccinent contre la grippe les mardis et vendredis de 14h00 à 15h00 sans rendez-vous. Vaccination Covid sur rendez-vous Test antigéniques et PCR au cabinet et à domicile Permanence de laboratoire pour les bilans sanguins tous les matins &hellip; Infirmières Read More &raquo;

Pôle de Santé d&#039;Egreville

Médicaux et Paramédicaux

Maison de Santé d'Egreville
